CRAN Package Check Results for Package xhaz

Last updated on 2025-04-30 04:50:23 CEST.

Flavor Version Tinstall Tcheck Ttotal Status Flags
r-devel-linux-x86_64-debian-clang 2.0.2 16.07 202.68 218.75 NOTE
r-devel-linux-x86_64-debian-gcc 2.0.2 10.90 128.81 139.71 NOTE
r-devel-linux-x86_64-fedora-clang 2.0.2 347.91 OK
r-devel-linux-x86_64-fedora-gcc 2.0.2 352.05 OK
r-devel-windows-x86_64 2.0.2 17.00 247.00 264.00 OK
r-patched-linux-x86_64 2.0.2 16.10 189.45 205.55 OK
r-release-linux-x86_64 2.0.2 13.86 190.14 204.00 OK
r-release-macos-arm64 2.0.2 91.00 OK
r-release-macos-x86_64 2.0.2 214.00 OK
r-release-windows-x86_64 2.0.2 18.00 249.00 267.00 OK
r-oldrel-macos-arm64 2.0.2 97.00 OK
r-oldrel-macos-x86_64 2.0.2 299.00 OK
r-oldrel-windows-x86_64 2.0.2 20.00 299.00 319.00 OK

Check Details

Version: 2.0.2
Check: CRAN incoming feasibility
Result: NOTE Maintainer: ‘Juste Goungounga <juste.goungounga@ehesp.fr>’ No Authors@R field in DESCRIPTION. Please add one, modifying Authors@R: c(person(given = "Juste", family = "Goungounga", role = c("aut", "cre"), email = "juste.goungounga@ehesp.fr", comment = c(ORCID = "0000-0002-9039-2639")), person(given = "Hadrien", family = "Charvat", role = "aut", comment = c(ORCID = "0000-0003-3624-1394")), person(given = "Darlin", family = "Mba", role = "aut", comment = c(ORCID = "0000-0001-9768-0230")), person(given = "Nathalie", family = "Graffeo", role = "aut", comment = c(ORCID = "0000-0001-7227-7525")), person(given = "Roch", family = "Giorgi", role = "aut", comment = c(ORCID = "0000-0001-6135-3078"))) as necessary. Flavors: r-devel-linux-x86_64-debian-clang, r-devel-linux-x86_64-debian-gcc