CRAN Package Check Results for Package xkcd

Last updated on 2025-04-30 04:50:23 CEST.

Flavor Version Tinstall Tcheck Ttotal Status Flags
r-devel-linux-x86_64-debian-clang 0.0.6 6.94 73.73 80.67 NOTE
r-devel-linux-x86_64-debian-gcc 0.0.6 4.52 53.64 58.16 NOTE
r-devel-linux-x86_64-fedora-clang 0.0.6 111.85 OK
r-devel-linux-x86_64-fedora-gcc 0.0.6 118.37 OK
r-devel-windows-x86_64 0.0.6 9.00 108.00 117.00 OK
r-patched-linux-x86_64 0.0.6 6.46 67.69 74.15 OK
r-release-linux-x86_64 0.0.6 6.99 68.84 75.83 OK
r-release-macos-arm64 0.0.6 50.00 OK
r-release-macos-x86_64 0.0.6 110.00 OK
r-release-windows-x86_64 0.0.6 10.00 104.00 114.00 OK
r-oldrel-macos-arm64 0.0.6 53.00 OK
r-oldrel-macos-x86_64 0.0.6 70.00 OK
r-oldrel-windows-x86_64 0.0.6 10.00 120.00 130.00 OK

Check Details

Version: 0.0.6
Check: CRAN incoming feasibility
Result: NOTE Maintainer: ‘Emilio Torres-Manzanera <torres@uniovi.es>’ No Authors@R field in DESCRIPTION. Please add one, modifying Authors@R: person(given = "Emilio", family = "Torres-Manzanera", role = c("aut", "cre"), email = "torres@uniovi.es") as necessary. Flavors: r-devel-linux-x86_64-debian-clang, r-devel-linux-x86_64-debian-gcc