CRAN Package Check Results for Package xkcdcolors

Last updated on 2025-04-30 04:50:23 CEST.

Flavor Version Tinstall Tcheck Ttotal Status Flags
r-devel-linux-x86_64-debian-clang 1.0 1.55 18.01 19.56 NOTE
r-devel-linux-x86_64-debian-gcc 1.0 1.26 14.85 16.11 NOTE
r-devel-linux-x86_64-fedora-clang 1.0 31.41 OK
r-devel-linux-x86_64-fedora-gcc 1.0 28.85 OK
r-devel-windows-x86_64 1.0 2.00 47.00 49.00 OK
r-patched-linux-x86_64 1.0 1.62 17.36 18.98 OK
r-release-linux-x86_64 1.0 1.46 17.28 18.74 OK
r-release-macos-arm64 1.0 15.00 OK
r-release-macos-x86_64 1.0 24.00 OK
r-release-windows-x86_64 1.0 2.00 48.00 50.00 OK
r-oldrel-macos-arm64 1.0 15.00 OK
r-oldrel-macos-x86_64 1.0 23.00 OK
r-oldrel-windows-x86_64 1.0 2.00 42.00 44.00 OK

Check Details

Version: 1.0
Check: CRAN incoming feasibility
Result: NOTE Maintainer: ‘Thomas Lumley <t.lumley@auckland.ac.nz>’ No Authors@R field in DESCRIPTION. Please add one, modifying Authors@R: c(person(given = "Thomas", family = "Lumley", role = c("aut", "cre"), email = "t.lumley@auckland.ac.nz"), person(given = c("using", "data", "from", "Randall"), family = "Munroe", role = "aut"), person(given = c("about", "2.2e5", "survey"), family = "participants", role = "aut")) as necessary. Flavors: r-devel-linux-x86_64-debian-clang, r-devel-linux-x86_64-debian-gcc