Last updated on 2025-04-30 04:50:23 CEST.
Flavor | Version | Tinstall | Tcheck | Ttotal | Status | Flags |
---|---|---|---|---|---|---|
r-devel-linux-x86_64-debian-clang | 0.2.1 | 6.28 | 97.53 | 103.81 | NOTE | |
r-devel-linux-x86_64-debian-gcc | 0.2.1 | 4.47 | 71.21 | 75.68 | OK | |
r-devel-linux-x86_64-fedora-clang | 0.2.1 | 165.85 | OK | |||
r-devel-linux-x86_64-fedora-gcc | 0.2.1 | 181.22 | OK | |||
r-devel-windows-x86_64 | 0.2.1 | 8.00 | 86.00 | 94.00 | OK | |
r-patched-linux-x86_64 | 0.2.1 | 6.95 | 93.19 | 100.14 | OK | |
r-release-linux-x86_64 | 0.2.1 | 5.70 | 93.23 | 98.93 | OK | |
r-release-macos-arm64 | 0.2.1 | 44.00 | OK | |||
r-release-macos-x86_64 | 0.2.1 | 83.00 | OK | |||
r-release-windows-x86_64 | 0.2.1 | 8.00 | 85.00 | 93.00 | OK | |
r-oldrel-macos-arm64 | 0.2.1 | 39.00 | OK | |||
r-oldrel-macos-x86_64 | 0.2.1 | 59.00 | OK | |||
r-oldrel-windows-x86_64 | 0.2.1 | 9.00 | 90.00 | 99.00 | OK |
Version: 0.2.1
Check: examples
Result: NOTE
Examples with CPU (user + system) or elapsed time > 5s
user system elapsed
docinfo 4.616 0.335 7.464
edit_docinfo 4.142 0.372 7.074
edit_xmp 3.345 0.299 5.751
Flavor: r-devel-linux-x86_64-debian-clang