Last updated on 2025-04-30 04:50:23 CEST.
Flavor | Version | Tinstall | Tcheck | Ttotal | Status | Flags |
---|---|---|---|---|---|---|
r-devel-linux-x86_64-debian-clang | 0.1.2 | 5.27 | 55.70 | 60.97 | NOTE | |
r-devel-linux-x86_64-debian-gcc | 0.1.2 | 3.90 | 39.14 | 43.04 | NOTE | |
r-devel-linux-x86_64-fedora-clang | 0.1.2 | 86.92 | OK | |||
r-devel-linux-x86_64-fedora-gcc | 0.1.2 | 83.24 | OK | |||
r-devel-windows-x86_64 | 0.1.2 | 8.00 | 71.00 | 79.00 | OK | |
r-patched-linux-x86_64 | 0.1.2 | 5.43 | 52.07 | 57.50 | OK | |
r-release-linux-x86_64 | 0.1.2 | 4.36 | 51.14 | 55.50 | OK | |
r-release-macos-arm64 | 0.1.2 | 30.00 | OK | |||
r-release-macos-x86_64 | 0.1.2 | 53.00 | OK | |||
r-release-windows-x86_64 | 0.1.2 | 9.00 | 71.00 | 80.00 | OK | |
r-oldrel-macos-arm64 | 0.1.2 | 27.00 | NOTE | |||
r-oldrel-macos-x86_64 | 0.1.2 | 41.00 | NOTE | |||
r-oldrel-windows-x86_64 | 0.1.2 | 7.00 | 85.00 | 92.00 | NOTE |
Version: 0.1.2
Check: CRAN incoming feasibility
Result: NOTE
Maintainer: ‘Hitoshi Iuchi <hiuchi@sfc.keio.ac.jp>’
No Authors@R field in DESCRIPTION.
Please add one, modifying
Authors@R: c(person(given = "Hitoshi",
family = "Iuchi",
role = c("aut", "cre"),
email = "hiuchi@sfc.keio.ac.jp"),
person(given = c("Rikuhiro", "G."),
family = "Yamada",
role = "aut"))
as necessary.
Flavors: r-devel-linux-x86_64-debian-clang, r-devel-linux-x86_64-debian-gcc
Version: 0.1.2
Check: examples
Result: NOTE
Examples with CPU (user + system) or elapsed time > 5s
user system elapsed
chiSqPeriodogramPlot 5.2 0.058 6.3
Flavor: r-devel-linux-x86_64-debian-clang
Version: 0.1.2
Check: LazyData
Result: NOTE
'LazyData' is specified without a 'data' directory
Flavors: r-oldrel-macos-arm64, r-oldrel-macos-x86_64, r-oldrel-windows-x86_64