Last updated on 2025-04-30 04:50:23 CEST.
Flavor | Version | Tinstall | Tcheck | Ttotal | Status | Flags |
---|---|---|---|---|---|---|
r-devel-linux-x86_64-debian-clang | 2.0.0 | 10.01 | 194.07 | 204.08 | NOTE | |
r-devel-linux-x86_64-debian-gcc | 2.0.0 | 7.11 | 123.69 | 130.80 | NOTE | |
r-devel-linux-x86_64-fedora-clang | 2.0.0 | 302.57 | OK | |||
r-devel-linux-x86_64-fedora-gcc | 2.0.0 | 341.17 | OK | |||
r-devel-windows-x86_64 | 2.0.0 | 11.00 | 208.00 | 219.00 | NOTE | |
r-patched-linux-x86_64 | 2.0.0 | 9.93 | 197.64 | 207.57 | NOTE | |
r-release-linux-x86_64 | 2.0.0 | 9.83 | 196.72 | 206.55 | NOTE | |
r-release-macos-arm64 | 2.0.0 | 115.00 | OK | |||
r-release-macos-x86_64 | 2.0.0 | 257.00 | OK | |||
r-release-windows-x86_64 | 2.0.0 | 13.00 | 207.00 | 220.00 | NOTE | |
r-oldrel-macos-arm64 | 2.0.0 | 103.00 | OK | |||
r-oldrel-macos-x86_64 | 2.0.0 | 164.00 | OK | |||
r-oldrel-windows-x86_64 | 2.0.0 | 12.00 | 272.00 | 284.00 | OK |
Version: 2.0.0
Check: Rd cross-references
Result: NOTE
Found the following Rd file(s) with Rd \link{} targets missing package
anchors:
estimateVariance.Rd: selectiveInference
xtune.Rd: glmnet
Please provide package anchors for all Rd \link{} targets not in the
package itself and the base packages.
Flavors: r-devel-linux-x86_64-debian-clang, r-devel-linux-x86_64-debian-gcc, r-devel-windows-x86_64, r-patched-linux-x86_64, r-release-linux-x86_64, r-release-windows-x86_64