Last updated on 2025-04-30 04:50:23 CEST.
Flavor | Version | Tinstall | Tcheck | Ttotal | Status | Flags |
---|---|---|---|---|---|---|
r-devel-linux-x86_64-debian-clang | 1.4-2 | 2.30 | 23.68 | 25.98 | NOTE | |
r-devel-linux-x86_64-debian-gcc | 1.4-2 | 1.65 | 19.09 | 20.74 | NOTE | |
r-devel-linux-x86_64-fedora-clang | 1.4-2 | 41.08 | OK | |||
r-devel-linux-x86_64-fedora-gcc | 1.4-2 | 39.85 | OK | |||
r-devel-windows-x86_64 | 1.4-2 | 3.00 | 54.00 | 57.00 | OK | |
r-patched-linux-x86_64 | 1.4-2 | 2.50 | 23.04 | 25.54 | OK | |
r-release-linux-x86_64 | 1.4-2 | 2.36 | 22.94 | 25.30 | OK | |
r-release-macos-arm64 | 1.4-2 | 20.00 | OK | |||
r-release-macos-x86_64 | 1.4-2 | 30.00 | OK | |||
r-release-windows-x86_64 | 1.4-2 | 3.00 | 53.00 | 56.00 | OK | |
r-oldrel-macos-arm64 | 1.4-2 | 17.00 | OK | |||
r-oldrel-macos-x86_64 | 1.4-2 | 25.00 | OK | |||
r-oldrel-windows-x86_64 | 1.4-2 | 4.00 | 52.00 | 56.00 | OK |
Version: 1.4-2
Check: CRAN incoming feasibility
Result: NOTE
Maintainer: ‘Carter T. Butts <buttsc@uci.edu>’
No Authors@R field in DESCRIPTION.
Please add one, modifying
Authors@R: person(given = c("Carter", "T."),
family = "Butts",
role = c("aut", "cre"),
email = "buttsc@uci.edu")
as necessary.
Flavors: r-devel-linux-x86_64-debian-clang, r-devel-linux-x86_64-debian-gcc