Last updated on 2025-04-30 04:50:23 CEST.
Flavor | Version | Tinstall | Tcheck | Ttotal | Status | Flags |
---|---|---|---|---|---|---|
r-devel-linux-x86_64-debian-clang | 1.2.1 | 11.28 | 208.38 | 219.66 | NOTE | |
r-devel-linux-x86_64-debian-gcc | 1.2.1 | 9.22 | 129.76 | 138.98 | OK | |
r-devel-linux-x86_64-fedora-clang | 1.2.1 | 386.60 | OK | |||
r-devel-linux-x86_64-fedora-gcc | 1.2.1 | 351.84 | OK | |||
r-devel-windows-x86_64 | 1.2.1 | 18.00 | 287.00 | 305.00 | OK | |
r-patched-linux-x86_64 | 1.2.1 | 19.45 | 197.19 | 216.64 | OK | |
r-release-linux-x86_64 | 1.2.1 | 13.51 | 196.32 | 209.83 | OK | |
r-release-macos-arm64 | 1.2.1 | 92.00 | OK | |||
r-release-macos-x86_64 | 1.2.1 | 164.00 | OK | |||
r-release-windows-x86_64 | 1.2.1 | 18.00 | 284.00 | 302.00 | OK | |
r-oldrel-macos-arm64 | 1.2.1 | 100.00 | OK | |||
r-oldrel-macos-x86_64 | 1.2.1 | 193.00 | OK | |||
r-oldrel-windows-x86_64 | 1.2.1 | 20.00 | 357.00 | 377.00 | OK |
Version: 1.2.1
Check: examples
Result: NOTE
Examples with CPU (user + system) or elapsed time > 5s
user system elapsed
ggplot.decorated 6.553 0.053 8.194
print.decorated_ggplot 6.321 0.047 8.861
ggready.decorated 6.193 0.051 7.351
ggready.data.frame 6.141 0.047 8.360
ggready 6.041 0.074 7.784
Flavor: r-devel-linux-x86_64-debian-clang