Last updated on 2025-04-30 04:50:23 CEST.
Flavor | Version | Tinstall | Tcheck | Ttotal | Status | Flags |
---|---|---|---|---|---|---|
r-devel-linux-x86_64-debian-clang | 2.0-4 | 2.56 | 38.93 | 41.49 | NOTE | |
r-devel-linux-x86_64-debian-gcc | 2.0-4 | 2.18 | 27.18 | 29.36 | NOTE | |
r-devel-linux-x86_64-fedora-clang | 2.0-4 | 66.03 | NOTE | |||
r-devel-linux-x86_64-fedora-gcc | 2.0-4 | 63.32 | NOTE | |||
r-devel-windows-x86_64 | 2.0-4 | 5.00 | 68.00 | 73.00 | NOTE | |
r-patched-linux-x86_64 | 2.0-4 | 2.35 | 37.54 | 39.89 | NOTE | |
r-release-linux-x86_64 | 2.0-4 | 2.49 | 36.39 | 38.88 | NOTE | |
r-release-macos-arm64 | 2.0-4 | 23.00 | NOTE | |||
r-release-macos-x86_64 | 2.0-4 | 47.00 | NOTE | |||
r-release-windows-x86_64 | 2.0-4 | 5.00 | 65.00 | 70.00 | NOTE | |
r-oldrel-macos-arm64 | 2.0-4 | 24.00 | NOTE | |||
r-oldrel-macos-x86_64 | 2.0-4 | 38.00 | NOTE | |||
r-oldrel-windows-x86_64 | 2.0-4 | 5.00 | 73.00 | 78.00 | NOTE |
Version: 2.0-4
Check: CRAN incoming feasibility
Result: NOTE
Maintainer: ‘Kim Nimon <kim.nimon@gmail.com>’
No Authors@R field in DESCRIPTION.
Please add one, modifying
Authors@R: c(person(given = "Kim",
family = "Nimon",
role = c("aut", "cre"),
email = "kim.nimon@gmail.com"),
person(given = "Fred",
family = "Oswald",
role = "aut"),
person(given = c("J.", "Kyle"),
family = "Roberts.",
role = "aut"))
as necessary.
Flavors: r-devel-linux-x86_64-debian-clang, r-devel-linux-x86_64-debian-gcc
Version: 2.0-4
Check: Rd files
Result: NOTE
checkRd: (-1) boot.yhat.Rd:3: Lost braces
3 | \title{Bootstrap metrics produced from /code{calc.yhat}}
| ^
checkRd: (-1) boot.yhat.Rd:19: Lost braces
19 | Ouput of /code{lm}
| ^
checkRd: (-1) boot.yhat.Rd:22: Lost braces
22 | Output of /code{calc.yhat}
| ^
checkRd: (-1) booteval.yhat.rd:3: Lost braces
3 | \title{Evaluate bootstrap metrics produced from /code{calc.yhat}}
| ^
checkRd: (-1) booteval.yhat.rd:5: Lost braces
5 | This function evaluates the bootstrap metrics produced from /code{boot.yhat}.
| ^
checkRd: (-1) combCI.rd:26: Lost braces
26 | This function evaluates the bootstrap metrics produced from /code{boot.yhat}.
| ^
checkRd: (-1) commonality.rd:12: Lost braces
12 | Output from /code{aps}
| ^
checkRd: (-1) dombin.rd:12: Lost braces
12 | Output from /code{dominance}
| ^
checkRd: (-1) dominance.rd:12: Lost braces
12 | Output from /code{aps}
| ^
checkRd: (-1) plotCI.yhat.rd:5: Lost braces
5 | This function plots CIs that have been produced from /code{booteval.yhat}.
| ^
checkRd: (-1) plotCI.yhat.rd:32: Lost braces
32 | This function plots CIs that have been produced from /code{booteval.yhat}.
| ^
checkRd: (-1) plotCI.yhat.rd:35: Lost braces
35 | This returns a plot of CIs that have been produced from /code{booteval.yhat}.
| ^
Flavors: r-devel-linux-x86_64-debian-clang, r-devel-linux-x86_64-debian-gcc, r-devel-linux-x86_64-fedora-clang, r-devel-linux-x86_64-fedora-gcc, r-devel-windows-x86_64, r-patched-linux-x86_64, r-release-linux-x86_64, r-release-macos-arm64, r-release-macos-x86_64, r-release-windows-x86_64, r-oldrel-macos-arm64, r-oldrel-macos-x86_64, r-oldrel-windows-x86_64
Version: 2.0-4
Check: Rd cross-references
Result: NOTE
Found the following Rd file(s) with Rd \link{} targets missing package
anchors:
boot.yhat.Rd: boot
booteval.yhat.rd: boot
plotCI.yhat.rd: boot
Please provide package anchors for all Rd \link{} targets not in the
package itself and the base packages.
Flavors: r-devel-linux-x86_64-debian-clang, r-devel-linux-x86_64-debian-gcc, r-devel-windows-x86_64, r-patched-linux-x86_64, r-release-linux-x86_64, r-release-windows-x86_64
Version: 2.0-4
Check: examples
Result: NOTE
Examples with CPU (user + system) or elapsed time > 5s
user system elapsed
boot.yhat 4.336 0.072 5.357
Flavor: r-devel-linux-x86_64-debian-clang