CRAN Package Check Results for Package yorkr

Last updated on 2025-04-30 04:50:23 CEST.

Flavor Version Tinstall Tcheck Ttotal Status Flags
r-devel-linux-x86_64-debian-clang 0.0.42 19.09 111.33 130.42 NOTE
r-devel-linux-x86_64-debian-gcc 0.0.42 12.15 69.61 81.76 NOTE
r-devel-linux-x86_64-fedora-clang 0.0.42 185.40 OK
r-devel-linux-x86_64-fedora-gcc 0.0.42 179.06 OK
r-devel-windows-x86_64 0.0.42 20.00 153.00 173.00 OK
r-patched-linux-x86_64 0.0.42 21.75 101.14 122.89 OK
r-release-linux-x86_64 0.0.42 16.97 100.96 117.93 OK
r-release-macos-arm64 0.0.42 45.00 OK
r-release-macos-x86_64 0.0.42 113.00 OK
r-release-windows-x86_64 0.0.42 24.00 148.00 172.00 OK
r-oldrel-macos-arm64 0.0.42 45.00 OK
r-oldrel-macos-x86_64 0.0.42 72.00 OK
r-oldrel-windows-x86_64 0.0.42 26.00 173.00 199.00 OK

Check Details

Version: 0.0.42
Check: CRAN incoming feasibility
Result: NOTE Maintainer: ‘Tinniam V Ganesh <tvganesh.85@gmail.com>’ No Authors@R field in DESCRIPTION. Please add one, modifying Authors@R: person(given = c("Tinniam", "V"), family = "Ganesh", role = c("aut", "cre"), email = "tvganesh.85@gmail.com") as necessary. Flavors: r-devel-linux-x86_64-debian-clang, r-devel-linux-x86_64-debian-gcc