Last updated on 2025-04-30 04:50:23 CEST.
Flavor | Version | Tinstall | Tcheck | Ttotal | Status | Flags |
---|---|---|---|---|---|---|
r-devel-linux-x86_64-debian-clang | 1.15.30 | 152.07 | 215.51 | 367.58 | OK | |
r-devel-linux-x86_64-debian-gcc | 1.15.30 | 102.31 | 136.71 | 239.02 | OK | |
r-devel-linux-x86_64-fedora-clang | 1.15.30 | 754.85 | OK | |||
r-devel-linux-x86_64-fedora-gcc | 1.15.30 | 567.27 | OK | |||
r-devel-windows-x86_64 | 1.15.30 | 158.00 | 283.00 | 441.00 | OK | |
r-patched-linux-x86_64 | 1.15.30 | 152.66 | 205.55 | 358.21 | OK | |
r-release-linux-x86_64 | 1.15.30 | 153.66 | 197.37 | 351.03 | OK | |
r-release-macos-arm64 | 1.15.30 | 136.00 | OK | |||
r-release-macos-x86_64 | 1.15.30 | 239.00 | OK | |||
r-release-windows-x86_64 | 1.15.30 | 158.00 | 294.00 | 452.00 | OK | |
r-oldrel-macos-arm64 | 1.15.30 | 140.00 | NOTE | |||
r-oldrel-macos-x86_64 | 1.15.30 | 250.00 | NOTE | |||
r-oldrel-windows-x86_64 | 1.15.30 | 188.00 | 366.00 | 554.00 | OK |
Version: 1.15.30
Check: installed package size
Result: NOTE
installed size is 11.6Mb
sub-directories of 1Mb or more:
R 3.1Mb
libs 7.4Mb
Flavors: r-oldrel-macos-arm64, r-oldrel-macos-x86_64