Last updated on 2025-04-30 04:50:23 CEST.
Flavor | Version | Tinstall | Tcheck | Ttotal | Status | Flags |
---|---|---|---|---|---|---|
r-devel-linux-x86_64-debian-clang | 1.5.0-4 | 12.22 | 97.55 | 109.77 | NOTE | |
r-devel-linux-x86_64-debian-gcc | 1.5.0-4 | 7.85 | 66.10 | 73.95 | OK | |
r-devel-linux-x86_64-fedora-clang | 1.5.0-4 | 173.16 | OK | |||
r-devel-linux-x86_64-fedora-gcc | 1.5.0-4 | 164.90 | OK | |||
r-devel-windows-x86_64 | 1.5.0-4 | 12.00 | 108.00 | 120.00 | OK | |
r-patched-linux-x86_64 | 1.5.0-4 | 11.66 | 94.45 | 106.11 | OK | |
r-release-linux-x86_64 | 1.5.0-4 | 9.91 | 93.12 | 103.03 | OK | |
r-release-macos-arm64 | 1.5.0-4 | 53.00 | OK | |||
r-release-macos-x86_64 | 1.5.0-4 | 113.00 | OK | |||
r-release-windows-x86_64 | 1.5.0-4 | 12.00 | 107.00 | 119.00 | OK | |
r-oldrel-macos-arm64 | 1.5.0-4 | 47.00 | OK | |||
r-oldrel-macos-x86_64 | 1.5.0-4 | 144.00 | OK | |||
r-oldrel-windows-x86_64 | 1.5.0-4 | 15.00 | 127.00 | 142.00 | OK |
Version: 1.5.0-4
Check: examples
Result: NOTE
Examples with CPU (user + system) or elapsed time > 5s
user system elapsed
lrEM 6.371 0.064 8.061
lrEMplus 5.083 0.009 6.660
lrDA 3.706 0.068 5.192
Flavor: r-devel-linux-x86_64-debian-clang