CRAN Package Check Results for Package zTree

Last updated on 2025-11-03 03:50:01 CET.

Flavor Version Tinstall Tcheck Ttotal Status Flags
r-devel-linux-x86_64-debian-clang 1.0.7 1.57 19.64 21.21 NOTE
r-devel-linux-x86_64-debian-gcc 1.0.7 1.48 16.30 17.78 NOTE
r-devel-linux-x86_64-fedora-clang 1.0.7 33.16 OK
r-devel-linux-x86_64-fedora-gcc 1.0.7 30.08 OK
r-devel-windows-x86_64 1.0.7 3.00 38.00 41.00 OK
r-patched-linux-x86_64 1.0.7 1.91 18.58 20.49 OK
r-release-linux-x86_64 1.0.7 1.83 18.79 20.62 OK
r-release-macos-arm64 1.0.7 1.00 16.00 17.00 OK
r-release-macos-x86_64 1.0.7 2.00 21.00 23.00 OK
r-release-windows-x86_64 1.0.7 3.00 38.00 41.00 OK
r-oldrel-macos-arm64 1.0.7 1.00 14.00 15.00 OK
r-oldrel-macos-x86_64 1.0.7 2.00 18.00 20.00 OK
r-oldrel-windows-x86_64 1.0.7 4.00 42.00 46.00 OK

Check Details

Version: 1.0.7
Check: CRAN incoming feasibility
Result: NOTE Maintainer: ‘Oliver Kirchkamp <oliver@kirchkamp.de>’ No Authors@R field in DESCRIPTION. Please add one, modifying Authors@R: person(given = "Oliver", family = "Kirchkamp", role = c("aut", "cre"), email = "oliver@kirchkamp.de") as necessary. Flavors: r-devel-linux-x86_64-debian-clang, r-devel-linux-x86_64-debian-gcc