Last updated on 2025-04-30 04:50:23 CEST.
Flavor | Version | Tinstall | Tcheck | Ttotal | Status | Flags |
---|---|---|---|---|---|---|
r-devel-linux-x86_64-debian-clang | 0.3.0 | 4.37 | 59.59 | 63.96 | NOTE | |
r-devel-linux-x86_64-debian-gcc | 0.3.0 | 3.02 | 41.51 | 44.53 | NOTE | |
r-devel-linux-x86_64-fedora-clang | 0.3.0 | 100.25 | OK | |||
r-devel-linux-x86_64-fedora-gcc | 0.3.0 | 113.80 | OK | |||
r-devel-windows-x86_64 | 0.3.0 | 5.00 | 88.00 | 93.00 | OK | |
r-patched-linux-x86_64 | 0.3.0 | 4.60 | 56.19 | 60.79 | OK | |
r-release-linux-x86_64 | 0.3.0 | 4.12 | 56.58 | 60.70 | OK | |
r-release-macos-arm64 | 0.3.0 | 46.00 | OK | |||
r-release-macos-x86_64 | 0.3.0 | 70.00 | OK | |||
r-release-windows-x86_64 | 0.3.0 | 5.00 | 83.00 | 88.00 | OK | |
r-oldrel-macos-arm64 | 0.3.0 | 33.00 | OK | |||
r-oldrel-macos-x86_64 | 0.3.0 | 55.00 | OK | |||
r-oldrel-windows-x86_64 | 0.3.0 | 5.00 | 94.00 | 99.00 | OK |
Version: 0.3.0
Check: CRAN incoming feasibility
Result: NOTE
Maintainer: ‘Clare Horscroft <chorscroft@aol.co.uk>’
No Authors@R field in DESCRIPTION.
Please add one, modifying
Authors@R: person(given = "Clare",
family = "Horscroft",
role = c("aut", "cre"),
email = "chorscroft@aol.co.uk")
as necessary.
Flavors: r-devel-linux-x86_64-debian-clang, r-devel-linux-x86_64-debian-gcc