Last updated on 2025-02-21 03:52:30 CET.
Flavor | Version | Tinstall | Tcheck | Ttotal | Status | Flags |
---|---|---|---|---|---|---|
r-devel-linux-x86_64-debian-clang | 2.0.0 | 5.02 | 48.75 | 53.77 | NOTE | |
r-devel-linux-x86_64-debian-gcc | 2.0.0 | 2.98 | 35.43 | 38.41 | NOTE | |
r-devel-linux-x86_64-fedora-clang | 2.0.0 | 84.07 | NOTE | |||
r-devel-linux-x86_64-fedora-gcc | 2.0.0 | 94.36 | NOTE | |||
r-devel-macos-arm64 | 2.0.0 | 49.00 | OK | |||
r-devel-macos-x86_64 | 2.0.0 | 118.00 | NOTE | |||
r-devel-windows-x86_64 | 2.0.0 | 7.00 | 73.00 | 80.00 | NOTE | |
r-patched-linux-x86_64 | 2.0.0 | 4.29 | 44.87 | 49.16 | OK | |
r-release-linux-x86_64 | 2.0.0 | 4.66 | 44.65 | 49.31 | OK | |
r-release-macos-arm64 | 2.0.0 | 49.00 | OK | |||
r-release-macos-x86_64 | 2.0.0 | 66.00 | OK | |||
r-release-windows-x86_64 | 2.0.0 | 8.00 | 168.00 | 176.00 | OK | |
r-oldrel-macos-arm64 | 2.0.0 | 45.00 | OK | |||
r-oldrel-macos-x86_64 | 2.0.0 | 75.00 | OK | |||
r-oldrel-windows-x86_64 | 2.0.0 | 8.00 | 74.00 | 82.00 | OK |
Version: 2.0.0
Check: DESCRIPTION meta-information
Result: NOTE
Missing dependency on R >= 4.1.0 because package code uses the pipe
|> or function shorthand \(...) syntax added in R 4.1.0.
File(s) using such syntax:
‘zcta.R’
Flavors: r-devel-linux-x86_64-debian-clang, r-devel-linux-x86_64-debian-gcc, r-devel-linux-x86_64-fedora-clang, r-devel-linux-x86_64-fedora-gcc, r-devel-macos-x86_64, r-devel-windows-x86_64