Last updated on 2025-04-30 04:50:23 CEST.
Flavor | Version | Tinstall | Tcheck | Ttotal | Status | Flags |
---|---|---|---|---|---|---|
r-devel-linux-x86_64-debian-clang | 0.3.6 | 3.35 | 317.05 | 320.40 | NOTE | |
r-devel-linux-x86_64-debian-gcc | 0.3.6 | 2.30 | 209.78 | 212.08 | NOTE | |
r-devel-linux-x86_64-fedora-clang | 0.3.6 | 412.29 | OK | |||
r-devel-linux-x86_64-fedora-gcc | 0.3.6 | 456.40 | OK | |||
r-devel-windows-x86_64 | 0.3.6 | 5.00 | 156.00 | 161.00 | OK | |
r-patched-linux-x86_64 | 0.3.6 | 2.73 | 244.56 | 247.29 | OK | |
r-release-linux-x86_64 | 0.3.6 | 3.58 | 245.70 | 249.28 | OK | |
r-release-macos-arm64 | 0.3.6 | 70.00 | OK | |||
r-release-macos-x86_64 | 0.3.6 | 147.00 | OK | |||
r-release-windows-x86_64 | 0.3.6 | 6.00 | 152.00 | 158.00 | OK | |
r-oldrel-macos-arm64 | 0.3.6 | 86.00 | OK | |||
r-oldrel-macos-x86_64 | 0.3.6 | 145.00 | OK | |||
r-oldrel-windows-x86_64 | 0.3.6 | 6.00 | 172.00 | 178.00 | OK |
Version: 0.3.6
Check: examples
Result: NOTE
Examples with CPU (user + system) or elapsed time > 5s
user system elapsed
periodogram 24.737 1.207 11.209
find_peaks 24.193 1.430 11.017
spectrogram 5.411 0.231 2.585
Flavor: r-devel-linux-x86_64-debian-clang
Version: 0.3.6
Check: examples
Result: NOTE
Examples with CPU (user + system) or elapsed time > 5s
user system elapsed
find_peaks 42.961 0.356 25.763
periodogram 13.299 0.378 5.630
Flavor: r-devel-linux-x86_64-debian-gcc