Last updated on 2025-11-03 03:50:01 CET.
| Flavor | Version | Tinstall | Tcheck | Ttotal | Status | Flags |
|---|---|---|---|---|---|---|
| r-devel-linux-x86_64-debian-clang | 0.1.0 | 1.91 | 24.40 | 26.31 | OK | |
| r-devel-linux-x86_64-debian-gcc | 0.1.0 | 1.46 | 18.64 | 20.10 | OK | |
| r-devel-linux-x86_64-fedora-clang | 0.1.0 | 41.32 | NOTE | |||
| r-devel-linux-x86_64-fedora-gcc | 0.1.0 | 37.07 | NOTE | |||
| r-devel-windows-x86_64 | 0.1.0 | 3.00 | 40.00 | 43.00 | OK | |
| r-patched-linux-x86_64 | 0.1.0 | 1.89 | 23.00 | 24.89 | OK | |
| r-release-linux-x86_64 | 0.1.0 | 1.81 | 22.53 | 24.34 | OK | |
| r-release-macos-arm64 | 0.1.0 | 1.00 | 15.00 | 16.00 | OK | |
| r-release-macos-x86_64 | 0.1.0 | 2.00 | 23.00 | 25.00 | OK | |
| r-release-windows-x86_64 | 0.1.0 | 3.00 | 41.00 | 44.00 | OK | |
| r-oldrel-macos-arm64 | 0.1.0 | 1.00 | 14.00 | 15.00 | OK | |
| r-oldrel-macos-x86_64 | 0.1.0 | 2.00 | 21.00 | 23.00 | OK | |
| r-oldrel-windows-x86_64 | 0.1.0 | 3.00 | 47.00 | 50.00 | OK |
Version: 0.1.0
Check: dependencies in R code
Result: NOTE
Namespace in Imports field not imported from: ‘MASS’
All declared Imports should be used.
Flavors: r-devel-linux-x86_64-fedora-clang, r-devel-linux-x86_64-fedora-gcc