Last updated on 2025-04-30 04:50:23 CEST.
Flavor | Version | Tinstall | Tcheck | Ttotal | Status | Flags |
---|---|---|---|---|---|---|
r-devel-linux-x86_64-debian-clang | 1.2.1 | 14.57 | 122.63 | 137.20 | NOTE | |
r-devel-linux-x86_64-debian-gcc | 1.2.1 | 8.84 | 74.50 | 83.34 | NOTE | |
r-devel-linux-x86_64-fedora-clang | 1.2.1 | 220.30 | NOTE | |||
r-devel-linux-x86_64-fedora-gcc | 1.2.1 | 220.37 | NOTE | |||
r-devel-windows-x86_64 | 1.2.1 | 15.00 | 136.00 | 151.00 | NOTE | |
r-patched-linux-x86_64 | 1.2.1 | 15.05 | 117.13 | 132.18 | NOTE | |
r-release-linux-x86_64 | 1.2.1 | 12.61 | 114.24 | 126.85 | NOTE | |
r-release-macos-arm64 | 1.2.1 | 65.00 | NOTE | |||
r-release-macos-x86_64 | 1.2.1 | 109.00 | NOTE | |||
r-release-windows-x86_64 | 1.2.1 | 14.00 | 135.00 | 149.00 | NOTE | |
r-oldrel-macos-arm64 | 1.2.1 | 55.00 | NOTE | |||
r-oldrel-macos-x86_64 | 1.2.1 | 84.00 | NOTE | |||
r-oldrel-windows-x86_64 | 1.2.1 | 18.00 | 169.00 | 187.00 | NOTE |
Version: 1.2.1
Check: Rd files
Result: NOTE
checkRd: (-1) glm.cons.Rd:54: Lost braces; missing escapes or markup?
54 | \item{method}{the method used in fitting the model. The default method "\code{glm.fit.cons}" uses function {nnnpls} from package nnls instead of \code{lm.fit} to impose the sign of the coefficients. As in \code{glm}, the alternative method "\code{model.frame}" returns the model frame and does no fitting.}
| ^
Flavors: r-devel-linux-x86_64-debian-clang, r-devel-linux-x86_64-debian-gcc, r-devel-linux-x86_64-fedora-clang, r-devel-linux-x86_64-fedora-gcc, r-devel-windows-x86_64, r-patched-linux-x86_64, r-release-linux-x86_64, r-release-macos-arm64, r-release-macos-x86_64, r-release-windows-x86_64, r-oldrel-macos-arm64, r-oldrel-macos-x86_64, r-oldrel-windows-x86_64
Version: 1.2.1
Check: Rd cross-references
Result: NOTE
Found the following Rd file(s) with Rd \link{} targets missing package
anchors:
glm.cons.Rd: glm2
glm.fit.cons.Rd: glm.fit2
Please provide package anchors for all Rd \link{} targets not in the
package itself and the base packages.
Flavors: r-devel-linux-x86_64-debian-clang, r-devel-linux-x86_64-debian-gcc, r-devel-windows-x86_64, r-patched-linux-x86_64, r-release-linux-x86_64, r-release-windows-x86_64
Version: 1.2.1
Check: examples
Result: NOTE
Examples with CPU (user + system) or elapsed time > 5s
user system elapsed
Plot.zeta.scale.regular 4.707 0.024 5.097
Flavor: r-devel-linux-x86_64-debian-clang