Last updated on 2025-04-30 04:50:23 CEST.
Flavor | Version | Tinstall | Tcheck | Ttotal | Status | Flags |
---|---|---|---|---|---|---|
r-devel-linux-x86_64-debian-clang | 0.9.1 | 37.84 | 25.67 | 63.51 | NOTE | |
r-devel-linux-x86_64-debian-gcc | 0.9.1 | 25.80 | 20.79 | 46.59 | NOTE | |
r-devel-linux-x86_64-fedora-clang | 0.9.1 | 120.55 | OK | |||
r-devel-linux-x86_64-fedora-gcc | 0.9.1 | 110.44 | OK | |||
r-devel-windows-x86_64 | 0.9.1 | 48.00 | 74.00 | 122.00 | OK | |
r-patched-linux-x86_64 | 0.9.1 | 35.14 | 24.80 | 59.94 | OK | |
r-release-linux-x86_64 | 0.9.1 | 36.91 | 24.65 | 61.56 | OK | |
r-release-macos-arm64 | 0.9.1 | 32.00 | OK | |||
r-release-macos-x86_64 | 0.9.1 | 45.00 | OK | |||
r-release-windows-x86_64 | 0.9.1 | 46.00 | 74.00 | 120.00 | OK | |
r-oldrel-macos-arm64 | 0.9.1 | 34.00 | OK | |||
r-oldrel-macos-x86_64 | 0.9.1 | 38.00 | OK | |||
r-oldrel-windows-x86_64 | 0.9.1 | 48.00 | 82.00 | 130.00 | OK |
Version: 0.9.1
Check: CRAN incoming feasibility
Result: NOTE
Maintainer: ‘Markus Jochmann <markus.jochmann@ncl.ac.uk>’
No Authors@R field in DESCRIPTION.
Please add one, modifying
Authors@R: person(given = "Markus",
family = "Jochmann",
role = c("aut", "cre"),
email = "markus.jochmann@ncl.ac.uk")
as necessary.
Flavors: r-devel-linux-x86_64-debian-clang, r-devel-linux-x86_64-debian-gcc