CRAN Package Check Results for Package zipfR

Last updated on 2025-04-30 04:50:23 CEST.

Flavor Version Tinstall Tcheck Ttotal Status Flags
r-devel-linux-x86_64-debian-clang 0.6-70 7.15 93.29 100.44 NOTE
r-devel-linux-x86_64-debian-gcc 0.6-70 5.16 57.10 62.26 NOTE
r-devel-linux-x86_64-fedora-clang 0.6-70 160.95 OK
r-devel-linux-x86_64-fedora-gcc 0.6-70 172.89 OK
r-devel-windows-x86_64 0.6-70 8.00 134.00 142.00 OK
r-patched-linux-x86_64 0.6-70 10.22 89.78 100.00 OK
r-release-linux-x86_64 0.6-70 7.75 87.97 95.72 OK
r-release-macos-arm64 0.6-70 50.00 OK
r-release-macos-x86_64 0.6-70 105.00 OK
r-release-windows-x86_64 0.6-70 10.00 139.00 149.00 OK
r-oldrel-macos-arm64 0.6-70 45.00 OK
r-oldrel-macos-x86_64 0.6-70 87.00 OK
r-oldrel-windows-x86_64 0.6-70 10.00 131.00 141.00 OK

Check Details

Version: 0.6-70
Check: CRAN incoming feasibility
Result: NOTE Maintainer: ‘Stefan Evert <stefan.evert@fau.de>’ No Authors@R field in DESCRIPTION. Please add one, modifying Authors@R: c(person(given = "Stefan", family = "Evert", role = c("aut", "cre"), email = "stefan.evert@fau.de"), person(given = "Marco", family = "Baroni", role = "aut", email = "marco.baroni@unitn.it")) as necessary. Found the following URLs which should use \doi (with the DOI name only): File ‘productivity_measures.Rd’: http://dx.doi.org/10.18419/opus-2556 File ‘zipfR_package.Rd’: http://dx.doi.org/10.18419/opus-2556 Flavors: r-devel-linux-x86_64-debian-clang, r-devel-linux-x86_64-debian-gcc

Version: 0.6-70
Check: examples
Result: NOTE Examples with CPU (user + system) or elapsed time > 5s user system elapsed lnre 5.517 0.003 6.517 lnre_productivity_measures 4.183 0.098 5.130 lnre_bootstrap 2.594 0.052 9.472 Flavor: r-devel-linux-x86_64-debian-clang

Version: 0.6-70
Check: examples
Result: NOTE Examples with CPU (user + system) or elapsed time > 5s user system elapsed lnre_bootstrap 1.683 0.051 7.227 Flavor: r-devel-linux-x86_64-debian-gcc