CRAN Package Check Results for Package zoolog

Last updated on 2025-04-30 04:50:23 CEST.

Flavor Version Tinstall Tcheck Ttotal Status Flags
r-devel-linux-x86_64-debian-clang 1.1.0 2.93 74.60 77.53 NOTE
r-devel-linux-x86_64-debian-gcc 1.1.0 2.14 48.70 50.84 NOTE
r-devel-linux-x86_64-fedora-clang 1.1.0 130.49 OK
r-devel-linux-x86_64-fedora-gcc 1.1.0 147.29 OK
r-devel-windows-x86_64 1.1.0 4.00 104.00 108.00 OK
r-patched-linux-x86_64 1.1.0 2.83 71.91 74.74 OK
r-release-linux-x86_64 1.1.0 2.72 69.76 72.48 OK
r-release-macos-arm64 1.1.0 55.00 OK
r-release-macos-x86_64 1.1.0 100.00 OK
r-release-windows-x86_64 1.1.0 4.00 104.00 108.00 OK
r-oldrel-macos-arm64 1.1.0 43.00 OK
r-oldrel-macos-x86_64 1.1.0 75.00 OK
r-oldrel-windows-x86_64 1.1.0 5.00 117.00 122.00 OK

Check Details

Version: 1.1.0
Check: CRAN incoming feasibility
Result: NOTE Maintainer: ‘Jose M Pozo <josmpozo@gmail.com>’ Package CITATION file contains call(s) to old-style citEntry(). Please use bibentry() instead. Flavors: r-devel-linux-x86_64-debian-clang, r-devel-linux-x86_64-debian-gcc

Version: 1.1.0
Check: examples
Result: NOTE Examples with CPU (user + system) or elapsed time > 5s user system elapsed LogRatios 5.948 0.003 7.173 RemoveNACases 5.210 0.001 6.288 Flavor: r-devel-linux-x86_64-debian-clang