Last updated on 2025-04-30 04:50:23 CEST.
Flavor | Version | Tinstall | Tcheck | Ttotal | Status | Flags |
---|---|---|---|---|---|---|
r-devel-linux-x86_64-debian-clang | 0.3.1 | 3.81 | 60.60 | 64.41 | NOTE | |
r-devel-linux-x86_64-debian-gcc | 0.3.1 | 2.51 | 43.72 | 46.23 | NOTE | |
r-devel-linux-x86_64-fedora-clang | 0.3.1 | 97.63 | OK | |||
r-devel-linux-x86_64-fedora-gcc | 0.3.1 | 110.74 | OK | |||
r-devel-windows-x86_64 | 0.3.1 | 6.00 | 95.00 | 101.00 | OK | |
r-patched-linux-x86_64 | 0.3.1 | 4.69 | 55.98 | 60.67 | OK | |
r-release-linux-x86_64 | 0.3.1 | 3.54 | 55.15 | 58.69 | OK | |
r-release-macos-arm64 | 0.3.1 | 54.00 | OK | |||
r-release-macos-x86_64 | 0.3.1 | 78.00 | OK | |||
r-release-windows-x86_64 | 0.3.1 | 7.00 | 94.00 | 101.00 | OK | |
r-oldrel-macos-arm64 | 0.3.1 | 42.00 | OK | |||
r-oldrel-macos-x86_64 | 0.3.1 | 65.00 | OK | |||
r-oldrel-windows-x86_64 | 0.3.1 | 7.00 | 98.00 | 105.00 | OK |
Version: 0.3.1
Check: CRAN incoming feasibility
Result: NOTE
Maintainer: ‘Ernest Guevarra <ernestgmd@gmail.com>’
Found the following URLs which should use \doi (with the DOI name only):
File ‘anthro4.Rd’:
https://doi.org/10.1136/bmj.j3423
Flavors: r-devel-linux-x86_64-debian-clang, r-devel-linux-x86_64-debian-gcc