CRAN Package Check Results for Package ztpln

Last updated on 2025-04-30 04:50:24 CEST.

Flavor Version Tinstall Tcheck Ttotal Status Flags
r-devel-linux-x86_64-debian-clang 0.1.2 36.51 91.98 128.49 NOTE
r-devel-linux-x86_64-debian-gcc 0.1.2 27.75 74.68 102.43 NOTE
r-devel-linux-x86_64-fedora-clang 0.1.2 186.03 NOTE
r-devel-linux-x86_64-fedora-gcc 0.1.2 195.26 NOTE
r-devel-windows-x86_64 0.1.2 42.00 145.00 187.00 NOTE
r-patched-linux-x86_64 0.1.2 42.11 91.37 133.48 NOTE
r-release-linux-x86_64 0.1.2 42.44 89.05 131.49 NOTE
r-release-macos-arm64 0.1.2 83.00 NOTE
r-release-macos-x86_64 0.1.2 150.00 NOTE
r-release-windows-x86_64 0.1.2 42.00 147.00 189.00 NOTE
r-oldrel-macos-arm64 0.1.2 90.00 NOTE
r-oldrel-macos-x86_64 0.1.2 131.00 NOTE
r-oldrel-windows-x86_64 0.1.2 52.00 178.00 230.00 NOTE

Check Details

Version: 0.1.2
Check: CRAN incoming feasibility
Result: NOTE Maintainer: ‘Masatoshi Katabuchi <mattocci27@gmail.com>’ No Authors@R field in DESCRIPTION. Please add one, modifying Authors@R: person(given = "Masatoshi", family = "Katabuchi", role = c("aut", "cre"), email = "mattocci27@gmail.com") as necessary. Flavors: r-devel-linux-x86_64-debian-clang, r-devel-linux-x86_64-debian-gcc

Version: 0.1.2
Check: C++ specification
Result: NOTE Specified C++11: please drop specification unless essential Flavors: r-devel-linux-x86_64-debian-clang, r-devel-linux-x86_64-debian-gcc, r-devel-linux-x86_64-fedora-clang, r-devel-linux-x86_64-fedora-gcc, r-devel-windows-x86_64, r-patched-linux-x86_64, r-release-linux-x86_64, r-release-macos-arm64, r-release-macos-x86_64, r-release-windows-x86_64, r-oldrel-macos-arm64, r-oldrel-macos-x86_64, r-oldrel-windows-x86_64

Version: 0.1.2
Check: installed package size
Result: NOTE installed size is 8.0Mb sub-directories of 1Mb or more: libs 7.7Mb Flavors: r-oldrel-macos-arm64, r-oldrel-macos-x86_64