Last updated on 2025-10-31 03:49:56 CET.
| Flavor | Version | Tinstall | Tcheck | Ttotal | Status | Flags | 
|---|---|---|---|---|---|---|
| r-devel-linux-x86_64-debian-clang | 1.7-2 | 8.01 | 36.00 | 44.01 | NOTE | |
| r-devel-linux-x86_64-debian-gcc | 1.7-2 | 4.94 | 26.99 | 31.93 | NOTE | |
| r-devel-linux-x86_64-fedora-clang | 1.7-2 | 43.00 | 31.79 | 74.79 | OK | |
| r-devel-linux-x86_64-fedora-gcc | 1.7-2 | 17.00 | 63.36 | 80.36 | OK | |
| r-devel-windows-x86_64 | 1.7-2 | 9.00 | 50.00 | 59.00 | OK | |
| r-patched-linux-x86_64 | 1.7-2 | 6.92 | 33.71 | 40.63 | OK | |
| r-release-linux-x86_64 | 1.7-2 | 8.15 | 33.96 | 42.11 | OK | |
| r-release-macos-arm64 | 1.7-2 | 4.00 | 35.00 | 39.00 | OK | |
| r-release-macos-x86_64 | 1.7-2 | 8.00 | 47.00 | 55.00 | OK | |
| r-release-windows-x86_64 | 1.7-2 | 9.00 | 53.00 | 62.00 | OK | |
| r-oldrel-macos-arm64 | 1.7-2 | 4.00 | 28.00 | 32.00 | OK | |
| r-oldrel-macos-x86_64 | 1.7-2 | 6.00 | 37.00 | 43.00 | OK | |
| r-oldrel-windows-x86_64 | 1.7-2 | 11.00 | 61.00 | 72.00 | OK | 
Version: 1.7-2
Check: CRAN incoming feasibility
Result: NOTE
  Maintainer: ‘John Lawson <lawsonjsl7net@gmail.com>’
  
  No Authors@R field in DESCRIPTION.
  Please add one, modifying
    Authors@R: person(given = "John",
                      family = "Lawson",
                      role = c("aut", "cre"),
                      email = "lawsonjsl7net@gmail.com")
  as necessary.
Flavors: r-devel-linux-x86_64-debian-clang, r-devel-linux-x86_64-debian-gcc