Last updated on 2025-05-23 04:51:02 CEST.
Flavor | Version | Tinstall | Tcheck | Ttotal | Status | Flags |
---|---|---|---|---|---|---|
r-devel-linux-x86_64-debian-clang | 2.1.9 | 3.17 | 25.67 | 28.84 | NOTE | |
r-devel-linux-x86_64-debian-gcc | 2.1.9 | 2.58 | 20.13 | 22.71 | NOTE | |
r-devel-linux-x86_64-fedora-clang | 2.1.9 | 43.22 | OK | |||
r-devel-linux-x86_64-fedora-gcc | 2.1.9 | 41.60 | OK | |||
r-devel-windows-x86_64 | 2.1.9 | 7.00 | 87.00 | 94.00 | OK | |
r-patched-linux-x86_64 | 2.1.9 | 3.28 | 24.36 | 27.64 | OK | |
r-release-linux-x86_64 | 2.1.9 | 3.04 | 24.35 | 27.39 | OK | |
r-release-macos-arm64 | 2.1.9 | 22.00 | OK | |||
r-release-macos-x86_64 | 2.1.9 | 30.00 | OK | |||
r-release-windows-x86_64 | 2.1.9 | 7.00 | 83.00 | 90.00 | OK | |
r-oldrel-macos-arm64 | 2.1.9 | 30.00 | OK | |||
r-oldrel-macos-x86_64 | 2.1.9 | 26.00 | OK | |||
r-oldrel-windows-x86_64 | 2.1.9 | 7.00 | 52.00 | 59.00 | OK |
Version: 2.1.9
Check: CRAN incoming feasibility
Result: NOTE
Maintainer: ‘David Ardia <david.ardia.ch@gmail.com>’
Package CITATION file contains call(s) to old-style personList() or
as.personList(). Please use c() on person objects instead.
Package CITATION file contains call(s) to old-style citEntry(). Please
use bibentry() instead.
Flavors: r-devel-linux-x86_64-debian-clang, r-devel-linux-x86_64-debian-gcc