CRAN Package Check Results for Package AmigaFFH

Last updated on 2025-07-17 04:54:33 CEST.

Flavor Version Tinstall Tcheck Ttotal Status Flags
r-devel-linux-x86_64-debian-clang 0.4.7 12.32 140.42 152.74 NOTE
r-devel-linux-x86_64-debian-gcc 0.4.7 7.61 88.09 95.70 NOTE
r-devel-linux-x86_64-fedora-clang 0.4.7 250.03 NOTE
r-devel-linux-x86_64-fedora-gcc 0.4.7 235.13 NOTE
r-devel-windows-x86_64 0.4.7 14.00 149.00 163.00 NOTE
r-patched-linux-x86_64 0.4.7 14.58 127.54 142.12 NOTE
r-release-linux-x86_64 0.4.7 10.74 129.01 139.75 NOTE
r-release-macos-arm64 0.4.7 59.00 NOTE
r-release-macos-x86_64 0.4.7 110.00 NOTE
r-release-windows-x86_64 0.4.7 12.00 149.00 161.00 NOTE
r-oldrel-macos-arm64 0.4.7 61.00 OK
r-oldrel-macos-x86_64 0.4.7 165.00 OK
r-oldrel-windows-x86_64 0.4.7 17.00 185.00 202.00 OK

Check Details

Version: 0.4.7
Check: DESCRIPTION meta-information
Result: NOTE Missing dependency on R >= 4.1.0 because package code uses the pipe |> or function shorthand \(...) syntax added in R 4.1.0. File(s) using such syntax: ‘deltaFibonacciCompress.Rd’ ‘read.AmigaBitmapFont.Rd’ ‘read.AmigaBitmapFontSet.Rd’ ‘write.AmigaBitmapFont.Rd’ Flavors: r-devel-linux-x86_64-debian-clang, r-devel-linux-x86_64-debian-gcc, r-devel-linux-x86_64-fedora-clang, r-devel-linux-x86_64-fedora-gcc, r-devel-windows-x86_64, r-patched-linux-x86_64, r-release-linux-x86_64, r-release-macos-arm64, r-release-macos-x86_64, r-release-windows-x86_64