CRAN Package Check Results for Package AzureQstor

Last updated on 2025-07-17 04:54:34 CEST.

Flavor Version Tinstall Tcheck Ttotal Status Flags
r-devel-linux-x86_64-debian-clang 1.0.2 3.65 26.71 30.36 OK
r-devel-linux-x86_64-debian-gcc 1.0.2 2.42 21.94 24.36 OK
r-devel-linux-x86_64-fedora-clang 1.0.2 46.60 NOTE
r-devel-linux-x86_64-fedora-gcc 1.0.2 58.13 NOTE
r-devel-windows-x86_64 1.0.2 5.00 49.00 54.00 OK
r-patched-linux-x86_64 1.0.2 3.74 24.22 27.96 OK
r-release-linux-x86_64 1.0.2 3.43 23.89 27.32 OK
r-release-macos-arm64 1.0.2 29.00 OK
r-release-macos-x86_64 1.0.2 61.00 OK
r-release-windows-x86_64 1.0.2 6.00 51.00 57.00 OK
r-oldrel-macos-arm64 1.0.2 31.00 OK
r-oldrel-macos-x86_64 1.0.2 54.00 OK
r-oldrel-windows-x86_64 1.0.2 6.00 52.00 58.00 OK

Check Details

Version: 1.0.2
Check: dependencies in R code
Result: NOTE Namespaces in Imports field not imported from: ‘httr’ ‘openssl’ All declared Imports should be used. Flavors: r-devel-linux-x86_64-fedora-clang, r-devel-linux-x86_64-fedora-gcc