Last updated on 2025-07-19 04:49:16 CEST.
Flavor | Version | Tinstall | Tcheck | Ttotal | Status | Flags |
---|---|---|---|---|---|---|
r-devel-linux-x86_64-debian-clang | 0.1.2 | 48.70 | 29.34 | 78.04 | OK | |
r-devel-linux-x86_64-debian-gcc | 0.1.2 | 30.86 | 23.16 | 54.02 | OK | |
r-devel-linux-x86_64-fedora-clang | 0.1.2 | 122.88 | OK | |||
r-devel-linux-x86_64-fedora-gcc | 0.1.2 | 131.34 | OK | |||
r-devel-windows-x86_64 | 0.1.2 | 48.00 | 73.00 | 121.00 | OK | |
r-patched-linux-x86_64 | 0.1.2 | 45.31 | 27.83 | 73.14 | OK | |
r-release-linux-x86_64 | 0.1.2 | 47.29 | 27.96 | 75.25 | OK | |
r-release-macos-arm64 | 0.1.2 | 44.00 | OK | |||
r-release-macos-x86_64 | 0.1.2 | 69.00 | OK | |||
r-release-windows-x86_64 | 0.1.2 | 47.00 | 72.00 | 119.00 | OK | |
r-oldrel-macos-arm64 | 0.1.2 | 40.00 | NOTE | |||
r-oldrel-macos-x86_64 | 0.1.2 | 105.00 | NOTE | |||
r-oldrel-windows-x86_64 | 0.1.2 | 57.00 | 89.00 | 146.00 | OK |
Version: 0.1.2
Check: installed package size
Result: NOTE
installed size is 6.5Mb
sub-directories of 1Mb or more:
libs 6.1Mb
Flavors: r-oldrel-macos-arm64, r-oldrel-macos-x86_64