Last updated on 2025-07-19 04:49:16 CEST.
Flavor | Version | Tinstall | Tcheck | Ttotal | Status | Flags |
---|---|---|---|---|---|---|
r-devel-linux-x86_64-debian-clang | 1.0.1 | 17.39 | 152.34 | 169.73 | NOTE | |
r-devel-linux-x86_64-debian-gcc | 1.0.1 | 10.09 | 107.33 | 117.42 | NOTE | |
r-devel-linux-x86_64-fedora-clang | 1.0.1 | 271.52 | NOTE | |||
r-devel-linux-x86_64-fedora-gcc | 1.0.1 | 272.47 | NOTE | |||
r-devel-windows-x86_64 | 1.0.1 | 18.00 | 166.00 | 184.00 | NOTE | |
r-patched-linux-x86_64 | 1.0.1 | 16.34 | 145.81 | 162.15 | NOTE | |
r-release-linux-x86_64 | 1.0.1 | 15.88 | 146.91 | 162.79 | NOTE | |
r-release-macos-arm64 | 1.0.1 | 78.00 | NOTE | |||
r-release-macos-x86_64 | 1.0.1 | 167.00 | NOTE | |||
r-release-windows-x86_64 | 1.0.1 | 16.00 | 162.00 | 178.00 | NOTE | |
r-oldrel-macos-arm64 | 1.0.1 | 74.00 | NOTE | |||
r-oldrel-macos-x86_64 | 1.0.1 | 123.00 | NOTE | |||
r-oldrel-windows-x86_64 | 1.0.1 | 24.00 | 202.00 | 226.00 | NOTE |
Version: 1.0.1
Check: Rd files
Result: NOTE
checkRd: (-1) bma.bx.cy.Rd:69: Lost braces
69 | the initial values for parameters in models. For example, inits<-function(){list(alpha=0,beta=0,c=0,var1=0.5,r=1,lamda=0.01)}.
| ^
Flavors: r-devel-linux-x86_64-debian-clang, r-devel-linux-x86_64-debian-gcc, r-devel-linux-x86_64-fedora-clang, r-devel-linux-x86_64-fedora-gcc, r-devel-windows-x86_64, r-patched-linux-x86_64, r-release-linux-x86_64, r-release-macos-arm64, r-release-macos-x86_64, r-release-windows-x86_64, r-oldrel-macos-arm64, r-oldrel-macos-x86_64, r-oldrel-windows-x86_64