Last updated on 2025-07-17 04:54:34 CEST.
Flavor | Version | Tinstall | Tcheck | Ttotal | Status | Flags |
---|---|---|---|---|---|---|
r-devel-linux-x86_64-debian-clang | 1.2.3 | 261.84 | 195.05 | 456.89 | OK | |
r-devel-linux-x86_64-debian-gcc | 1.2.3 | 240.18 | 162.51 | 402.69 | OK | |
r-devel-linux-x86_64-fedora-clang | 1.2.3 | 795.31 | OK | |||
r-devel-linux-x86_64-fedora-gcc | 1.2.3 | 995.61 | OK | |||
r-devel-windows-x86_64 | 1.2.3 | 345.00 | 243.00 | 588.00 | OK | |
r-patched-linux-x86_64 | 1.2.3 | 284.84 | 218.92 | 503.76 | OK | |
r-release-linux-x86_64 | 1.2.3 | 280.21 | 220.26 | 500.47 | OK | |
r-release-macos-arm64 | 1.2.3 | 204.00 | OK | |||
r-release-macos-x86_64 | 1.2.3 | 266.00 | OK | |||
r-release-windows-x86_64 | 1.2.3 | 350.00 | 243.00 | 593.00 | OK | |
r-oldrel-macos-arm64 | 1.2.3 | 115.00 | NOTE | |||
r-oldrel-macos-x86_64 | 1.2.3 | 145.00 | NOTE | |||
r-oldrel-windows-x86_64 | 1.2.3 | 374.00 | 306.00 | 680.00 | NOTE |
Version: 1.2.3
Check: installed package size
Result: NOTE
installed size is 87.7Mb
sub-directories of 1Mb or more:
data 1.3Mb
help 1.8Mb
libs 83.5Mb
Flavors: r-oldrel-macos-arm64, r-oldrel-macos-x86_64, r-oldrel-windows-x86_64
Version: 1.2.3
Check: for GNU extensions in Makefiles
Result: NOTE
GNU make is a SystemRequirements.
Flavors: r-oldrel-macos-arm64, r-oldrel-macos-x86_64, r-oldrel-windows-x86_64