Last updated on 2025-05-22 04:49:54 CEST.
Flavor | Version | Tinstall | Tcheck | Ttotal | Status | Flags |
---|---|---|---|---|---|---|
r-devel-linux-x86_64-debian-clang | 1.2.3 | 259.71 | 191.72 | 451.43 | OK | |
r-devel-linux-x86_64-debian-gcc | 1.2.3 | 243.92 | 164.89 | 408.81 | OK | |
r-devel-linux-x86_64-fedora-clang | 1.2.3 | 792.40 | OK | |||
r-devel-linux-x86_64-fedora-gcc | 1.2.3 | 1093.80 | OK | |||
r-devel-windows-x86_64 | 1.2.3 | 339.00 | 245.00 | 584.00 | OK | |
r-patched-linux-x86_64 | 1.2.3 | 289.71 | 217.98 | 507.69 | OK | |
r-release-linux-x86_64 | 1.2.3 | 364.82 | 219.48 | 584.30 | OK | |
r-release-macos-arm64 | 1.2.3 | 204.00 | OK | |||
r-release-macos-x86_64 | 1.2.3 | 266.00 | OK | |||
r-release-windows-x86_64 | 1.2.3 | 336.00 | 523.00 | 859.00 | OK | |
r-oldrel-macos-arm64 | 1.2.3 | 115.00 | NOTE | |||
r-oldrel-macos-x86_64 | 1.2.3 | 145.00 | NOTE | |||
r-oldrel-windows-x86_64 | 1.2.3 | 349.00 | 300.00 | 649.00 | NOTE |
Version: 1.2.3
Check: installed package size
Result: NOTE
installed size is 87.7Mb
sub-directories of 1Mb or more:
data 1.3Mb
help 1.8Mb
libs 83.5Mb
Flavors: r-oldrel-macos-arm64, r-oldrel-macos-x86_64, r-oldrel-windows-x86_64
Version: 1.2.3
Check: for GNU extensions in Makefiles
Result: NOTE
GNU make is a SystemRequirements.
Flavors: r-oldrel-macos-arm64, r-oldrel-macos-x86_64, r-oldrel-windows-x86_64