Last updated on 2025-05-23 04:51:03 CEST.
Flavor | Version | Tinstall | Tcheck | Ttotal | Status | Flags |
---|---|---|---|---|---|---|
r-devel-linux-x86_64-debian-clang | 0.1.8 | 22.47 | 224.68 | 247.15 | NOTE | |
r-devel-linux-x86_64-debian-gcc | 0.1.8 | 17.02 | 142.98 | 160.00 | NOTE | |
r-devel-linux-x86_64-fedora-clang | 0.1.8 | 416.03 | NOTE | |||
r-devel-linux-x86_64-fedora-gcc | 0.1.8 | 403.36 | NOTE | |||
r-devel-windows-x86_64 | 0.1.8 | 28.00 | 234.00 | 262.00 | NOTE | |
r-patched-linux-x86_64 | 0.1.8 | 26.01 | 212.49 | 238.50 | NOTE | |
r-release-linux-x86_64 | 0.1.8 | 21.29 | 213.29 | 234.58 | NOTE | |
r-release-macos-arm64 | 0.1.8 | 101.00 | NOTE | |||
r-release-macos-x86_64 | 0.1.8 | 212.00 | NOTE | |||
r-release-windows-x86_64 | 0.1.8 | 30.00 | 239.00 | 269.00 | NOTE | |
r-oldrel-macos-arm64 | 0.1.8 | 98.00 | NOTE | |||
r-oldrel-macos-x86_64 | 0.1.8 | 153.00 | NOTE | |||
r-oldrel-windows-x86_64 | 0.1.8 | 38.00 | 307.00 | 345.00 | NOTE |
Version: 0.1.8
Check: Rd files
Result: NOTE
checkRd: (-1) DE.Rd:43: Lost braces in \itemize; meant \describe ?
checkRd: (-1) DE.Rd:44: Lost braces in \itemize; meant \describe ?
checkRd: (-1) DE.Rd:45: Lost braces in \itemize; meant \describe ?
checkRd: (-1) DE.Rd:46: Lost braces in \itemize; meant \describe ?
checkRd: (-1) DEzs.Rd:58: Lost braces in \itemize; meant \describe ?
checkRd: (-1) DEzs.Rd:59: Lost braces in \itemize; meant \describe ?
checkRd: (-1) DEzs.Rd:60: Lost braces in \itemize; meant \describe ?
checkRd: (-1) DEzs.Rd:61: Lost braces in \itemize; meant \describe ?
Flavors: r-devel-linux-x86_64-debian-clang, r-devel-linux-x86_64-debian-gcc, r-devel-linux-x86_64-fedora-clang, r-devel-linux-x86_64-fedora-gcc, r-devel-windows-x86_64, r-patched-linux-x86_64, r-release-linux-x86_64, r-release-macos-arm64, r-release-macos-x86_64, r-release-windows-x86_64, r-oldrel-macos-arm64, r-oldrel-macos-x86_64, r-oldrel-windows-x86_64