Last updated on 2025-07-17 04:54:35 CEST.
Flavor | Version | Tinstall | Tcheck | Ttotal | Status | Flags |
---|---|---|---|---|---|---|
r-devel-linux-x86_64-debian-clang | 0.1 | 46.54 | 214.46 | 261.00 | OK | |
r-devel-linux-x86_64-debian-gcc | 0.1 | 36.47 | 132.50 | 168.97 | OK | |
r-devel-linux-x86_64-fedora-clang | 0.1 | 427.07 | NOTE | |||
r-devel-linux-x86_64-fedora-gcc | 0.1 | 436.89 | NOTE | |||
r-devel-windows-x86_64 | 0.1 | 69.00 | 201.00 | 270.00 | OK | |
r-patched-linux-x86_64 | 0.1 | 47.60 | 205.09 | 252.69 | OK | |
r-release-linux-x86_64 | 0.1 | 46.00 | 202.91 | 248.91 | OK | |
r-release-macos-arm64 | 0.1 | 126.00 | OK | |||
r-release-macos-x86_64 | 0.1 | 296.00 | OK | |||
r-release-windows-x86_64 | 0.1 | 59.00 | 202.00 | 261.00 | OK | |
r-oldrel-macos-arm64 | 0.1 | 111.00 | NOTE | |||
r-oldrel-macos-x86_64 | 0.1 | 311.00 | NOTE | |||
r-oldrel-windows-x86_64 | 0.1 | 62.00 | 281.00 | 343.00 | NOTE |
Version: 0.1
Check: dependencies in R code
Result: NOTE
Namespace in Imports field not imported from: ‘R6’
All declared Imports should be used.
Flavors: r-devel-linux-x86_64-fedora-clang, r-devel-linux-x86_64-fedora-gcc
Version: 0.1
Check: installed package size
Result: NOTE
installed size is 11.9Mb
sub-directories of 1Mb or more:
data 10.1Mb
Flavors: r-oldrel-macos-arm64, r-oldrel-macos-x86_64, r-oldrel-windows-x86_64