CRAN Package Check Results for Package CERFIT

Last updated on 2025-07-19 04:49:18 CEST.

Flavor Version Tinstall Tcheck Ttotal Status Flags
r-devel-linux-x86_64-debian-clang 0.1.0 28.76 65.15 93.91 NOTE
r-devel-linux-x86_64-debian-gcc 0.1.0 19.83 48.21 68.04 NOTE
r-devel-linux-x86_64-fedora-clang 0.1.0 163.38 NOTE
r-devel-linux-x86_64-fedora-gcc 0.1.0 152.12 NOTE
r-devel-windows-x86_64 0.1.0 35.00 92.00 127.00 NOTE
r-patched-linux-x86_64 0.1.0 28.30 60.58 88.88 NOTE
r-release-linux-x86_64 0.1.0 26.36 60.88 87.24 NOTE
r-release-macos-arm64 0.1.0 44.00 NOTE
r-release-macos-x86_64 0.1.0 76.00 NOTE
r-release-windows-x86_64 0.1.0 33.00 107.00 140.00 NOTE
r-oldrel-macos-arm64 0.1.0 41.00 NOTE
r-oldrel-macos-x86_64 0.1.0 69.00 NOTE
r-oldrel-windows-x86_64 0.1.0 42.00 122.00 164.00 NOTE

Check Details

Version: 0.1.0
Check: C++ specification
Result: NOTE Specified C++11: please drop specification unless essential Flavors: r-devel-linux-x86_64-debian-clang, r-devel-linux-x86_64-debian-gcc, r-devel-linux-x86_64-fedora-clang, r-devel-linux-x86_64-fedora-gcc, r-devel-windows-x86_64, r-patched-linux-x86_64, r-release-linux-x86_64, r-release-macos-arm64, r-release-macos-x86_64, r-release-windows-x86_64, r-oldrel-macos-arm64, r-oldrel-macos-x86_64, r-oldrel-windows-x86_64