Last updated on 2025-05-23 04:51:05 CEST.
Flavor | Version | Tinstall | Tcheck | Ttotal | Status | Flags |
---|---|---|---|---|---|---|
r-devel-linux-x86_64-debian-clang | 2.1.0 | 20.26 | 308.55 | 328.81 | OK | |
r-devel-linux-x86_64-debian-gcc | 2.1.0 | 12.64 | 206.92 | 219.56 | OK | |
r-devel-linux-x86_64-fedora-clang | 2.1.0 | 515.47 | OK | |||
r-devel-linux-x86_64-fedora-gcc | 2.1.0 | 521.07 | OK | |||
r-devel-windows-x86_64 | 2.1.0 | 23.00 | 490.00 | 513.00 | OK | |
r-patched-linux-x86_64 | 2.1.0 | 18.06 | 291.98 | 310.04 | OK | |
r-release-linux-x86_64 | 2.1.0 | 16.66 | 290.96 | 307.62 | OK | |
r-release-macos-arm64 | 2.1.0 | 158.00 | OK | |||
r-release-macos-x86_64 | 2.1.0 | 408.00 | OK | |||
r-release-windows-x86_64 | 2.1.0 | 24.00 | 482.00 | 506.00 | OK | |
r-oldrel-macos-arm64 | 2.1.0 | 171.00 | OK | |||
r-oldrel-macos-x86_64 | 2.1.0 | 289.00 | NOTE | |||
r-oldrel-windows-x86_64 | 2.1.0 | 27.00 | 556.00 | 583.00 | OK |
Version: 2.1.0
Check: installed package size
Result: NOTE
installed size is 5.0Mb
sub-directories of 1Mb or more:
doc 2.1Mb
Flavor: r-oldrel-macos-x86_64