Last updated on 2025-07-19 04:49:17 CEST.
Flavor | Version | Tinstall | Tcheck | Ttotal | Status | Flags |
---|---|---|---|---|---|---|
r-devel-linux-x86_64-debian-clang | 0.1.2 | 13.60 | 93.48 | 107.08 | NOTE | |
r-devel-linux-x86_64-debian-gcc | 0.1.2 | 7.64 | 68.52 | 76.16 | NOTE | |
r-devel-linux-x86_64-fedora-clang | 0.1.2 | 171.24 | OK | |||
r-devel-linux-x86_64-fedora-gcc | 0.1.2 | 167.66 | OK | |||
r-devel-windows-x86_64 | 0.1.2 | 14.00 | 104.00 | 118.00 | OK | |
r-patched-linux-x86_64 | 0.1.2 | 13.28 | 88.51 | 101.79 | OK | |
r-release-linux-x86_64 | 0.1.2 | 11.86 | 89.93 | 101.79 | OK | |
r-release-macos-arm64 | 0.1.2 | 50.00 | OK | |||
r-release-macos-x86_64 | 0.1.2 | 87.00 | OK | |||
r-release-windows-x86_64 | 0.1.2 | 14.00 | 102.00 | 116.00 | OK | |
r-oldrel-macos-arm64 | 0.1.2 | 48.00 | OK | |||
r-oldrel-macos-x86_64 | 0.1.2 | 77.00 | OK | |||
r-oldrel-windows-x86_64 | 0.1.2 | 18.00 | 130.00 | 148.00 | OK |
Version: 0.1.2
Check: CRAN incoming feasibility
Result: NOTE
Maintainer: ‘Dominik Heider <heiderd@mathematik.uni-marburg.de>’
No Authors@R field in DESCRIPTION.
Please add one, modifying
Authors@R: c(person(given = "Johanna",
family = "Schwarz",
role = "aut"),
person(given = "Dominik",
family = "Heider",
role = c("aut", "cre"),
email = "heiderd@mathematik.uni-marburg.de"))
as necessary.
Flavors: r-devel-linux-x86_64-debian-clang, r-devel-linux-x86_64-debian-gcc