Last updated on 2025-07-17 04:54:35 CEST.
Flavor | Version | Tinstall | Tcheck | Ttotal | Status | Flags |
---|---|---|---|---|---|---|
r-devel-linux-x86_64-debian-clang | 2.0.3 | 70.15 | 76.83 | 146.98 | OK | |
r-devel-linux-x86_64-debian-gcc | 2.0.3 | 59.41 | 53.88 | 113.29 | OK | |
r-devel-linux-x86_64-fedora-clang | 2.0.3 | 247.04 | OK | |||
r-devel-linux-x86_64-fedora-gcc | 2.0.3 | 278.70 | OK | |||
r-devel-windows-x86_64 | 2.0.3 | 82.00 | 99.00 | 181.00 | OK | |
r-patched-linux-x86_64 | 2.0.3 | 81.09 | 69.48 | 150.57 | OK | |
r-release-linux-x86_64 | 2.0.3 | 82.39 | 69.00 | 151.39 | OK | |
r-release-macos-arm64 | 2.0.3 | 64.00 | OK | |||
r-release-macos-x86_64 | 2.0.3 | 80.00 | OK | |||
r-release-windows-x86_64 | 2.0.3 | 83.00 | 102.00 | 185.00 | OK | |
r-oldrel-macos-arm64 | 2.0.3 | 64.00 | NOTE | |||
r-oldrel-macos-x86_64 | 2.0.3 | 72.00 | NOTE | |||
r-oldrel-windows-x86_64 | 2.0.3 | 97.00 | 127.00 | 224.00 | NOTE |
Version: 2.0.3
Check: installed package size
Result: NOTE
installed size is 9.9Mb
sub-directories of 1Mb or more:
libs 9.6Mb
Flavors: r-oldrel-macos-arm64, r-oldrel-macos-x86_64
Version: 2.0.3
Check: LazyData
Result: NOTE
'LazyData' is specified without a 'data' directory
Flavors: r-oldrel-macos-arm64, r-oldrel-macos-x86_64, r-oldrel-windows-x86_64