CRAN Package Check Results for Package CluMP

Last updated on 2025-07-17 04:54:36 CEST.

Flavor Version Tinstall Tcheck Ttotal Status Flags
r-devel-linux-x86_64-debian-clang 0.8.1 7.72 61.60 69.32 NOTE
r-devel-linux-x86_64-debian-gcc 0.8.1 4.83 42.15 46.98 NOTE
r-devel-linux-x86_64-fedora-clang 0.8.1 104.65 OK
r-devel-linux-x86_64-fedora-gcc 0.8.1 97.47 OK
r-devel-windows-x86_64 0.8.1 7.00 71.00 78.00 OK
r-patched-linux-x86_64 0.8.1 6.55 55.65 62.20 OK
r-release-linux-x86_64 0.8.1 6.59 55.61 62.20 OK
r-release-macos-arm64 0.8.1 30.00 OK
r-release-macos-x86_64 0.8.1 52.00 OK
r-release-windows-x86_64 0.8.1 7.00 71.00 78.00 OK
r-oldrel-macos-arm64 0.8.1 31.00 OK
r-oldrel-macos-x86_64 0.8.1 43.00 OK
r-oldrel-windows-x86_64 0.8.1 10.00 87.00 97.00 OK

Check Details

Version: 0.8.1
Check: CRAN incoming feasibility
Result: NOTE Maintainer: ‘Jan Fojtik <9afojtik@gmail.com>’ The Description field contains Sobisek, Stachova, Fojtik (2018) <arXiv:1807.05926>. Please refer to arXiv e-prints via their arXiv DOI <doi:10.48550/arXiv.YYMM.NNNNN>. Flavors: r-devel-linux-x86_64-debian-clang, r-devel-linux-x86_64-debian-gcc