Last updated on 2025-07-17 04:54:36 CEST.
Flavor | Version | Tinstall | Tcheck | Ttotal | Status | Flags |
---|---|---|---|---|---|---|
r-devel-linux-x86_64-debian-clang | 1.0.4 | 8.78 | 90.59 | 99.37 | OK | |
r-devel-linux-x86_64-debian-gcc | 1.0.4 | 5.66 | 66.60 | 72.26 | OK | |
r-devel-linux-x86_64-fedora-clang | 1.0.4 | 155.69 | OK | |||
r-devel-linux-x86_64-fedora-gcc | 1.0.4 | 164.24 | OK | |||
r-devel-windows-x86_64 | 1.0.4 | 8.00 | 108.00 | 116.00 | OK | |
r-patched-linux-x86_64 | 1.0.4 | 7.17 | 85.79 | 92.96 | OK | |
r-release-linux-x86_64 | 1.0.4 | 6.77 | 85.81 | 92.58 | OK | |
r-release-macos-arm64 | 1.0.4 | 57.00 | OK | |||
r-release-macos-x86_64 | 1.0.4 | 103.00 | OK | |||
r-release-windows-x86_64 | 1.0.4 | 9.00 | 106.00 | 115.00 | OK | |
r-oldrel-macos-arm64 | 1.0.4 | 52.00 | NOTE | |||
r-oldrel-macos-x86_64 | 1.0.4 | 81.00 | NOTE | |||
r-oldrel-windows-x86_64 | 1.0.4 | 12.00 | 135.00 | 147.00 | NOTE |
Version: 1.0.4
Check: LazyData
Result: NOTE
'LazyData' is specified without a 'data' directory
Flavors: r-oldrel-macos-arm64, r-oldrel-macos-x86_64, r-oldrel-windows-x86_64