CRAN Package Check Results for Package CollapseLevels

Last updated on 2025-07-17 04:54:36 CEST.

Flavor Version Tinstall Tcheck Ttotal Status Flags
r-devel-linux-x86_64-debian-clang 0.3.0 2.57 38.89 41.46 NOTE
r-devel-linux-x86_64-debian-gcc 0.3.0 2.31 29.31 31.62 NOTE
r-devel-linux-x86_64-fedora-clang 0.3.0 63.91 OK
r-devel-linux-x86_64-fedora-gcc 0.3.0 75.74 OK
r-devel-windows-x86_64 0.3.0 4.00 56.00 60.00 OK
r-patched-linux-x86_64 0.3.0 3.15 35.52 38.67 OK
r-release-linux-x86_64 0.3.0 2.98 34.90 37.88 OK
r-release-macos-arm64 0.3.0 33.00 OK
r-release-macos-x86_64 0.3.0 50.00 OK
r-release-windows-x86_64 0.3.0 6.00 55.00 61.00 OK
r-oldrel-macos-arm64 0.3.0 28.00 OK
r-oldrel-macos-x86_64 0.3.0 41.00 OK
r-oldrel-windows-x86_64 0.3.0 5.00 65.00 70.00 OK

Check Details

Version: 0.3.0
Check: CRAN incoming feasibility
Result: NOTE Maintainer: ‘Krishanu Mukherjee <toton1181@gmail.com>’ No Authors@R field in DESCRIPTION. Please add one, modifying Authors@R: person(given = "Krishanu", family = "Mukherjee", role = c("aut", "cre"), email = "toton1181@gmail.com") as necessary. Flavors: r-devel-linux-x86_64-debian-clang, r-devel-linux-x86_64-debian-gcc