CRAN Package Check Results for Package Compind

Last updated on 2025-05-23 04:51:05 CEST.

Flavor Version Tinstall Tcheck Ttotal Status Flags
r-devel-linux-x86_64-debian-clang 3.4 23.24 202.96 226.20 OK
r-devel-linux-x86_64-debian-gcc 3.4 16.94 147.81 164.75 OK
r-devel-linux-x86_64-fedora-clang 3.4 5.54 ERROR
r-devel-linux-x86_64-fedora-gcc 3.4 361.35 OK
r-devel-windows-x86_64 3.4 26.00 212.00 238.00 OK
r-patched-linux-x86_64 3.4 22.80 192.16 214.96 OK
r-release-linux-x86_64 3.4 21.67 193.23 214.90 OK
r-release-macos-arm64 3.4 78.00 OK
r-release-macos-x86_64 3.4 209.00 OK
r-release-windows-x86_64 3.4 24.00 280.00 304.00 OK
r-oldrel-macos-arm64 3.4 101.00 OK
r-oldrel-macos-x86_64 3.4 213.00 OK
r-oldrel-windows-x86_64 3.2 32.00 274.00 306.00 OK

Check Details

Version: 3.4
Check: whether package can be installed
Result: ERROR Installation failed. Flavor: r-devel-linux-x86_64-fedora-clang