Last updated on 2025-05-23 04:51:05 CEST.
Flavor | Version | Tinstall | Tcheck | Ttotal | Status | Flags |
---|---|---|---|---|---|---|
r-devel-linux-x86_64-debian-clang | 1.2.3 | 3.24 | 29.20 | 32.44 | NOTE | |
r-devel-linux-x86_64-debian-gcc | 1.2.3 | 2.82 | 23.14 | 25.96 | NOTE | |
r-devel-linux-x86_64-fedora-clang | 1.2.3 | 53.34 | OK | |||
r-devel-linux-x86_64-fedora-gcc | 1.2.3 | 49.69 | OK | |||
r-devel-windows-x86_64 | 1.2.3 | 4.00 | 86.00 | 90.00 | OK | |
r-patched-linux-x86_64 | 1.2.3 | 3.75 | 27.65 | 31.40 | OK | |
r-release-linux-x86_64 | 1.2.3 | 2.83 | 28.19 | 31.02 | OK | |
r-release-macos-arm64 | 1.2.3 | 33.00 | OK | |||
r-release-macos-x86_64 | 1.2.3 | 49.00 | OK | |||
r-release-windows-x86_64 | 1.2.3 | 6.00 | 52.00 | 58.00 | OK | |
r-oldrel-macos-arm64 | 1.2.3 | 29.00 | OK | |||
r-oldrel-macos-x86_64 | 1.2.3 | 32.00 | OK | |||
r-oldrel-windows-x86_64 | 1.2.3 | 4.00 | 55.00 | 59.00 | OK |
Version: 1.2.3
Check: CRAN incoming feasibility
Result: NOTE
Maintainer: ‘Pierre Lafaye De Micheaux <lafaye@unsw.edu.au>’
Package CITATION file contains call(s) to old-style personList() or
as.personList(). Please use c() on person objects instead.
Package CITATION file contains call(s) to old-style citEntry(). Please
use bibentry() instead.
Flavors: r-devel-linux-x86_64-debian-clang, r-devel-linux-x86_64-debian-gcc