Last updated on 2025-07-20 04:50:58 CEST.
Flavor | Version | Tinstall | Tcheck | Ttotal | Status | Flags |
---|---|---|---|---|---|---|
r-devel-linux-x86_64-debian-clang | 1.2.3 | 4.07 | 34.85 | 38.92 | NOTE | |
r-devel-linux-x86_64-debian-gcc | 1.2.3 | 3.88 | 35.06 | 38.94 | NOTE | |
r-devel-linux-x86_64-fedora-clang | 1.2.3 | 58.65 | OK | |||
r-devel-linux-x86_64-fedora-gcc | 1.2.3 | 57.73 | OK | |||
r-devel-windows-x86_64 | 1.2.3 | 4.00 | 49.00 | 53.00 | OK | |
r-patched-linux-x86_64 | 1.2.3 | 3.44 | 28.45 | 31.89 | OK | |
r-release-linux-x86_64 | 1.2.3 | 3.36 | 27.86 | 31.22 | OK | |
r-release-macos-arm64 | 1.2.3 | 33.00 | OK | |||
r-release-macos-x86_64 | 1.2.3 | 49.00 | OK | |||
r-release-windows-x86_64 | 1.2.3 | 4.00 | 51.00 | 55.00 | OK | |
r-oldrel-macos-arm64 | 1.2.3 | 29.00 | OK | |||
r-oldrel-macos-x86_64 | 1.2.3 | 32.00 | OK | |||
r-oldrel-windows-x86_64 | 1.2.3 | 6.00 | 55.00 | 61.00 | OK |
Version: 1.2.3
Check: CRAN incoming feasibility
Result: NOTE
Maintainer: ‘Pierre Lafaye De Micheaux <lafaye@unsw.edu.au>’
Package CITATION file contains call(s) to old-style personList() or
as.personList(). Please use c() on person objects instead.
Package CITATION file contains call(s) to old-style citEntry(). Please
use bibentry() instead.
Flavors: r-devel-linux-x86_64-debian-clang, r-devel-linux-x86_64-debian-gcc