Last updated on 2025-07-17 04:54:36 CEST.
Flavor | Version | Tinstall | Tcheck | Ttotal | Status | Flags |
---|---|---|---|---|---|---|
r-devel-linux-x86_64-debian-clang | 1.1.3 | 37.90 | 673.28 | 711.18 | OK | |
r-devel-linux-x86_64-debian-gcc | 1.1.3 | 27.27 | 463.21 | 490.48 | OK | |
r-devel-linux-x86_64-fedora-clang | 1.1.3 | 1070.84 | OK | |||
r-devel-linux-x86_64-fedora-gcc | 1.1.3 | 1038.66 | OK | |||
r-devel-windows-x86_64 | 1.1.3 | 40.00 | 524.00 | 564.00 | OK | |
r-patched-linux-x86_64 | 1.1.3 | 39.23 | 638.42 | 677.65 | OK | |
r-release-linux-x86_64 | 1.1.3 | 35.96 | 636.86 | 672.82 | OK | |
r-release-macos-arm64 | 1.1.3 | 145.00 | OK | |||
r-release-macos-x86_64 | 1.1.3 | 284.00 | OK | |||
r-release-windows-x86_64 | 1.1.3 | 40.00 | 534.00 | 574.00 | OK | |
r-oldrel-macos-arm64 | 1.1.3 | 170.00 | NOTE | |||
r-oldrel-macos-x86_64 | 1.1.3 | 307.00 | NOTE | |||
r-oldrel-windows-x86_64 | 1.1.3 | 47.00 | 767.00 | 814.00 | NOTE |
Version: 1.1.3
Check: installed package size
Result: NOTE
installed size is 5.5Mb
sub-directories of 1Mb or more:
data 1.2Mb
doc 2.7Mb
Flavors: r-oldrel-macos-arm64, r-oldrel-macos-x86_64, r-oldrel-windows-x86_64