CRAN Package Check Results for Package CureAuxSP

Last updated on 2025-07-19 04:49:19 CEST.

Flavor Version Tinstall Tcheck Ttotal Status Flags
r-devel-linux-x86_64-debian-clang 0.0.1 2.77 26.73 29.50 OK
r-devel-linux-x86_64-debian-gcc 0.0.1 1.98 20.74 22.72 OK
r-devel-linux-x86_64-fedora-clang 0.0.1 45.85 NOTE
r-devel-linux-x86_64-fedora-gcc 0.0.1 42.96 NOTE
r-devel-windows-x86_64 0.0.1 5.00 48.00 53.00 OK
r-patched-linux-x86_64 0.0.1 2.47 24.73 27.20 OK
r-release-linux-x86_64 0.0.1 2.62 24.81 27.43 OK
r-release-macos-arm64 0.0.1 8.00 ERROR
r-release-macos-x86_64 0.0.1 7.00 ERROR
r-release-windows-x86_64 0.0.1 5.00 47.00 52.00 OK
r-oldrel-macos-arm64 0.0.1 9.00 ERROR
r-oldrel-macos-x86_64 0.0.1 13.00 ERROR
r-oldrel-windows-x86_64 0.0.1 6.00 51.00 57.00 OK

Check Details

Version: 0.0.1
Check: dependencies in R code
Result: NOTE Namespace in Imports field not imported from: ‘TCGAbiolinks’ All declared Imports should be used. Flavors: r-devel-linux-x86_64-fedora-clang, r-devel-linux-x86_64-fedora-gcc

Version: 0.0.1
Check: package dependencies
Result: ERROR Package required but not available: ‘TCGAbiolinks’ See section ‘The DESCRIPTION file’ in the ‘Writing R Extensions’ manual. Flavors: r-release-macos-arm64, r-release-macos-x86_64, r-oldrel-macos-arm64, r-oldrel-macos-x86_64