Last updated on 2025-07-19 04:49:20 CEST.
Flavor | Version | Tinstall | Tcheck | Ttotal | Status | Flags |
---|---|---|---|---|---|---|
r-devel-linux-x86_64-debian-clang | 0.5.3 | 324.53 | 123.31 | 447.84 | OK | |
r-devel-linux-x86_64-debian-gcc | 0.5.3 | 268.86 | 104.48 | 373.34 | OK | |
r-devel-linux-x86_64-fedora-clang | 0.5.3 | 653.12 | OK | |||
r-devel-linux-x86_64-fedora-gcc | 0.5.3 | 825.95 | OK | |||
r-devel-windows-x86_64 | 0.5.3 | 307.00 | 160.00 | 467.00 | OK | |
r-patched-linux-x86_64 | 0.5.3 | 359.43 | 138.64 | 498.07 | OK | |
r-release-linux-x86_64 | 0.5.3 | 355.78 | 140.21 | 495.99 | OK | |
r-release-macos-arm64 | 0.5.3 | 168.00 | OK | |||
r-release-macos-x86_64 | 0.5.3 | 266.00 | OK | |||
r-release-windows-x86_64 | 0.5.3 | 311.00 | 154.00 | 465.00 | OK | |
r-oldrel-macos-arm64 | 0.5.3 | 163.00 | NOTE | |||
r-oldrel-macos-x86_64 | 0.5.3 | 220.00 | NOTE | |||
r-oldrel-windows-x86_64 | 0.5.3 | 351.00 | 196.00 | 547.00 | NOTE |
Version: 0.5.3
Check: installed package size
Result: NOTE
installed size is 84.0Mb
sub-directories of 1Mb or more:
libs 83.6Mb
Flavors: r-oldrel-macos-arm64, r-oldrel-macos-x86_64
Version: 0.5.3
Check: for GNU extensions in Makefiles
Result: NOTE
GNU make is a SystemRequirements.
Flavors: r-oldrel-macos-arm64, r-oldrel-macos-x86_64, r-oldrel-windows-x86_64