CRAN Package Check Results for Package DEoptim

Last updated on 2025-07-19 04:49:20 CEST.

Flavor Version Tinstall Tcheck Ttotal Status Flags
r-devel-linux-x86_64-debian-clang 2.2-8 3.61 26.92 30.53 NOTE
r-devel-linux-x86_64-debian-gcc 2.2-8 2.85 21.66 24.51 NOTE
r-devel-linux-x86_64-fedora-clang 2.2-8 46.27 OK
r-devel-linux-x86_64-fedora-gcc 2.2-8 43.78 OK
r-devel-windows-x86_64 2.2-8 8.00 50.00 58.00 OK
r-patched-linux-x86_64 2.2-8 3.58 24.92 28.50 OK
r-release-linux-x86_64 2.2-8 2.90 24.87 27.77 OK
r-release-macos-arm64 2.2-8 22.00 OK
r-release-macos-x86_64 2.2-8 39.00 OK
r-release-windows-x86_64 2.2-8 8.00 50.00 58.00 OK
r-oldrel-macos-arm64 2.2-8 26.00 OK
r-oldrel-macos-x86_64 2.2-8 42.00 OK
r-oldrel-windows-x86_64 2.2-8 8.00 57.00 65.00 OK

Check Details

Version: 2.2-8
Check: CRAN incoming feasibility
Result: NOTE Maintainer: ‘Katharine Mullen <mullenkate@gmail.com>’ Package CITATION file contains call(s) to old-style personList() or as.personList(). Please use c() on person objects instead. Package CITATION file contains call(s) to old-style citEntry(). Please use bibentry() instead. Flavors: r-devel-linux-x86_64-debian-clang, r-devel-linux-x86_64-debian-gcc