Last updated on 2025-05-23 04:51:06 CEST.
Flavor | Version | Tinstall | Tcheck | Ttotal | Status | Flags |
---|---|---|---|---|---|---|
r-devel-linux-x86_64-debian-clang | 0.3.0 | 55.66 | 443.13 | 498.79 | OK | |
r-devel-linux-x86_64-debian-gcc | 0.3.0 | 31.70 | 335.20 | 366.90 | OK | |
r-devel-linux-x86_64-fedora-clang | 0.3.0 | 784.04 | OK | |||
r-devel-linux-x86_64-fedora-gcc | 0.3.0 | 772.47 | OK | |||
r-devel-windows-x86_64 | 0.3.0 | 55.00 | 369.00 | 424.00 | OK | |
r-patched-linux-x86_64 | 0.3.0 | 52.19 | 419.10 | 471.29 | OK | |
r-release-linux-x86_64 | 0.3.0 | 50.59 | 422.52 | 473.11 | OK | |
r-release-macos-arm64 | 0.3.0 | 4.00 | ERROR | |||
r-release-macos-x86_64 | 0.3.0 | 7.00 | ERROR | |||
r-release-windows-x86_64 | 0.3.0 | 54.00 | 368.00 | 422.00 | OK | |
r-oldrel-macos-arm64 | 0.3.0 | 16.00 | ERROR | |||
r-oldrel-macos-x86_64 | 0.3.0 | 279.00 | OK | |||
r-oldrel-windows-x86_64 | 0.3.0 | 72.00 | 470.00 | 542.00 | OK |
Version: 0.3.0
Check: package dependencies
Result: ERROR
Packages required but not available:
'signatureSearch', 'signatureSearchData'
See section ‘The DESCRIPTION file’ in the ‘Writing R Extensions’
manual.
Flavors: r-release-macos-arm64, r-release-macos-x86_64
Version: 0.3.0
Check: whether package can be installed
Result: ERROR
Installation failed.
Flavor: r-oldrel-macos-arm64