CRAN Package Check Results for Package DMTL

Last updated on 2025-07-19 04:49:20 CEST.

Flavor Version Tinstall Tcheck Ttotal Status Flags
r-devel-linux-x86_64-debian-clang 0.1.2 1.96 37.06 39.02 NOTE
r-devel-linux-x86_64-debian-gcc 0.1.2 1.58 28.64 30.22 NOTE
r-devel-linux-x86_64-fedora-clang 0.1.2 61.70 NOTE
r-devel-linux-x86_64-fedora-gcc 0.1.2 58.77 NOTE
r-devel-windows-x86_64 0.1.2 4.00 60.00 64.00 NOTE
r-patched-linux-x86_64 0.1.2 2.46 34.41 36.87 NOTE
r-release-linux-x86_64 0.1.2 2.10 34.65 36.75 NOTE
r-release-macos-arm64 0.1.2 26.00 NOTE
r-release-macos-x86_64 0.1.2 39.00 NOTE
r-release-windows-x86_64 0.1.2 4.00 78.00 82.00 NOTE
r-oldrel-macos-arm64 0.1.2 24.00 NOTE
r-oldrel-macos-x86_64 0.1.2 37.00 NOTE
r-oldrel-windows-x86_64 0.1.2 4.00 72.00 76.00 NOTE

Check Details

Version: 0.1.2
Check: package subdirectories
Result: NOTE Problems with news in ‘NEWS.md’: No news entries found. Flavors: r-devel-linux-x86_64-debian-clang, r-devel-linux-x86_64-debian-gcc, r-devel-linux-x86_64-fedora-clang, r-devel-linux-x86_64-fedora-gcc, r-devel-windows-x86_64, r-patched-linux-x86_64, r-release-linux-x86_64, r-release-macos-arm64, r-release-macos-x86_64, r-release-windows-x86_64, r-oldrel-macos-arm64, r-oldrel-macos-x86_64, r-oldrel-windows-x86_64

Version: 0.1.2
Check: LazyData
Result: NOTE 'LazyData' is specified without a 'data' directory Flavors: r-oldrel-macos-arm64, r-oldrel-macos-x86_64, r-oldrel-windows-x86_64