CRAN Package Check Results for Package DRHotNet

Last updated on 2025-07-18 04:49:05 CEST.

Flavor Version Tinstall Tcheck Ttotal Status Flags
r-devel-linux-x86_64-debian-clang 2.3 30.24 292.65 322.89 NOTE
r-devel-linux-x86_64-debian-gcc 2.3 24.82 188.25 213.07 NOTE
r-devel-linux-x86_64-fedora-clang 2.3 571.55 OK
r-devel-linux-x86_64-fedora-gcc 2.3 500.35 OK
r-devel-windows-x86_64 2.3 31.00 226.00 257.00 OK
r-patched-linux-x86_64 2.3 28.93 278.90 307.83 OK
r-release-linux-x86_64 2.3 28.99 276.49 305.48 OK
r-release-macos-arm64 2.3 120.00 OK
r-release-macos-x86_64 2.3 255.00 OK
r-release-windows-x86_64 2.3 29.00 229.00 258.00 OK
r-oldrel-macos-arm64 2.3 119.00 OK
r-oldrel-macos-x86_64 2.3 190.00 OK
r-oldrel-windows-x86_64 2.3 44.00 316.00 360.00 OK

Check Details

Version: 2.3
Check: CRAN incoming feasibility
Result: NOTE Maintainer: ‘Alvaro Briz-Redon <alvaro.briz@uv.es>’ No Authors@R field in DESCRIPTION. Please add one, modifying Authors@R: person(given = "Alvaro", family = "Briz-Redon", role = c("aut", "cre"), email = "alvaro.briz@uv.es") as necessary. Flavors: r-devel-linux-x86_64-debian-clang, r-devel-linux-x86_64-debian-gcc