Last updated on 2025-07-19 04:49:20 CEST.
Flavor | Version | Tinstall | Tcheck | Ttotal | Status | Flags |
---|---|---|---|---|---|---|
r-devel-linux-x86_64-debian-clang | 0.0.4 | 7.36 | 204.65 | 212.01 | OK | |
r-devel-linux-x86_64-debian-gcc | 0.0.4 | 5.38 | 132.04 | 137.42 | OK | |
r-devel-linux-x86_64-fedora-clang | 0.0.4 | 330.83 | OK | |||
r-devel-linux-x86_64-fedora-gcc | 0.0.4 | 324.20 | OK | |||
r-devel-windows-x86_64 | 0.0.4 | 10.00 | 174.00 | 184.00 | OK | |
r-patched-linux-x86_64 | 0.0.4 | 6.69 | 192.62 | 199.31 | OK | |
r-release-linux-x86_64 | 0.0.4 | 6.96 | 194.26 | 201.22 | OK | |
r-release-macos-arm64 | 0.0.4 | 100.00 | OK | |||
r-release-macos-x86_64 | 0.0.4 | 232.00 | OK | |||
r-release-windows-x86_64 | 0.0.4 | 8.00 | 175.00 | 183.00 | OK | |
r-oldrel-macos-arm64 | 0.0.4 | 84.00 | NOTE | |||
r-oldrel-macos-x86_64 | 0.0.4 | 138.00 | NOTE | |||
r-oldrel-windows-x86_64 | 0.0.4 | 11.00 | 251.00 | 262.00 | NOTE |
Version: 0.0.4
Check: LazyData
Result: NOTE
'LazyData' is specified without a 'data' directory
Flavors: r-oldrel-macos-arm64, r-oldrel-macos-x86_64, r-oldrel-windows-x86_64