Last updated on 2025-05-23 04:51:07 CEST.
Flavor | Version | Tinstall | Tcheck | Ttotal | Status | Flags |
---|---|---|---|---|---|---|
r-devel-linux-x86_64-debian-clang | 0.2.2 | 49.09 | 46.14 | 95.23 | NOTE | |
r-devel-linux-x86_64-debian-gcc | 0.2.2 | 34.21 | 35.66 | 69.87 | NOTE | |
r-devel-linux-x86_64-fedora-clang | 0.2.2 | 197.78 | NOTE | |||
r-devel-linux-x86_64-fedora-gcc | 0.2.2 | 196.46 | NOTE | |||
r-devel-windows-x86_64 | 0.2.2 | 62.00 | 114.00 | 176.00 | NOTE | |
r-patched-linux-x86_64 | 0.2.2 | 47.40 | 44.90 | 92.30 | NOTE | |
r-release-linux-x86_64 | 0.2.2 | 49.00 | 44.88 | 93.88 | NOTE | |
r-release-macos-arm64 | 0.2.2 | 70.00 | NOTE | |||
r-release-macos-x86_64 | 0.2.2 | 105.00 | NOTE | |||
r-release-windows-x86_64 | 0.2.2 | 63.00 | 115.00 | 178.00 | NOTE | |
r-oldrel-macos-arm64 | 0.2.2 | 51.00 | NOTE | |||
r-oldrel-macos-x86_64 | 0.2.2 | 121.00 | NOTE | |||
r-oldrel-windows-x86_64 | 0.2.2 | 73.00 | 124.00 | 197.00 | NOTE |
Version: 0.2.2
Check: C++ specification
Result: NOTE
Specified C++11: please drop specification unless essential
Flavors: r-devel-linux-x86_64-debian-clang, r-devel-linux-x86_64-debian-gcc, r-devel-linux-x86_64-fedora-clang, r-devel-linux-x86_64-fedora-gcc, r-devel-windows-x86_64, r-patched-linux-x86_64, r-release-linux-x86_64, r-release-macos-arm64, r-release-macos-x86_64, r-release-windows-x86_64, r-oldrel-macos-arm64, r-oldrel-macos-x86_64, r-oldrel-windows-x86_64
Version: 0.2.2
Check: LazyData
Result: NOTE
'LazyData' is specified without a 'data' directory
Flavors: r-oldrel-macos-arm64, r-oldrel-macos-x86_64, r-oldrel-windows-x86_64